{"id":463,"date":"2021-09-20T09:04:14","date_gmt":"2021-09-20T07:04:14","guid":{"rendered":"https:\/\/szkolydoktorskie.uwb.edu.pl\/nsip\/?page_id=463"},"modified":"2024-06-17T08:10:53","modified_gmt":"2024-06-17T06:10:53","slug":"mgr-lukasz-oldak","status":"publish","type":"page","link":"https:\/\/szkolydoktorskie.uwb.edu.pl\/nsip\/mgr-lukasz-oldak\/","title":{"rendered":"dr \u0141ukasz O\u0142dak"},"content":{"rendered":"\n<figure class=\"wp-block-image size-full is-resized\"><img loading=\"lazy\" decoding=\"async\" src=\"https:\/\/szkolydoktorskie.uwb.edu.pl\/nsip\/wp-content\/uploads\/sites\/4\/2021\/09\/obraz-1.png\" alt=\"\" class=\"wp-image-464\" width=\"230\" height=\"376\" srcset=\"https:\/\/szkolydoktorskie.uwb.edu.pl\/nsip\/wp-content\/uploads\/sites\/4\/2021\/09\/obraz-1.png 367w, https:\/\/szkolydoktorskie.uwb.edu.pl\/nsip\/wp-content\/uploads\/sites\/4\/2021\/09\/obraz-1-184x300.png 184w\" sizes=\"auto, (max-width: 230px) 100vw, 230px\" \/><\/figure>\n\n\n\n<figure class=\"wp-block-table\"><table><tbody><tr><td><strong>E-mail&nbsp;<\/strong><\/td><td>l.oldak@uwb.edu.pl<\/td><\/tr><tr><td><strong>Kod ORCID<\/strong><\/td><td>0000-0003-1829-7466<\/td><\/tr><tr><td><strong>Temat rozprawy doktorskiej<\/strong><\/td><td>Badania por\u00f3wnawcze nowych rozwi\u0105za\u0144 w technice SPRi w odniesieniu do oznaczania biomarker\u00f3w<\/td><\/tr><tr><td><strong>Promotor<\/strong><\/td><td>prof. dr hab. Ewa Gorodkiewicz<\/td><\/tr><tr><td><strong>Promotor pomocniczy<\/strong><\/td><td>&#8211;<\/td><\/tr><tr><td><strong>Wydzia\u0142 \/Katedra\/Zak\u0142ad<\/strong><\/td><td>Wydzia\u0142 Chemii, Katedra Chemii Fizycznej, Pracownia Bioanalizy<\/td><\/tr><tr><td><strong>Dzia\u0142alno\u015b\u0107 naukowo-badawcza<\/strong><\/td><td>Prowadz\u0119 badania z zakresu nowatorskich rozwi\u0105za\u0144 w technice Powierzchniowego Rezonansu Plazmon\u00f3w w wersji Obrazowej poprzez wykorzystywanie podstaw biosensor\u00f3w <br>z r\u00f3\u017cnymi warstwami metalicznymi. Ponadto wykonuj\u0119 analizy ilo\u015bciowe wybranych potencjalnych biomarker\u00f3w w r\u00f3\u017cnych jednostkach chorobowych  i zr\u00f3\u017cnicowanym materiale biologicznym, kt\u00f3re mog\u0142yby by\u0107 specyficzne dla danego schorzenia. Badam ich zmiany ilo\u015bci w zale\u017cno\u015bci od stadium zaawansowania choroby oraz ich wzajemne korelacje. Poza tym opracowuj\u0119 i konstruuj\u0119 nowe biosensory na inne, dot\u0105d ma\u0142o poznane potencjalne biomarkery. Przy tym badam si\u0142y oddzia\u0142ywa\u0144 poszczeg\u00f3lnych biocz\u0105steczek.&nbsp;<\/td><\/tr><tr><td><strong>A.&nbsp;&nbsp;&nbsp;&nbsp;Publikacje naukowe<\/strong><\/td><td><\/td><\/tr><tr><td><strong>A1. Artyku\u0142y naukowe w czasopismach<\/strong><\/td><td><strong>O\u0142dak \u0141<\/strong>, E. Gorodkiewicz E. \u201cBiosensory w diagnostyce medycznej\u201d, <em>Przegl\u0105d Lekarski<\/em>, 75(6), 2018 [10 pkt]<br><br><strong>O\u0142dak \u0141<\/strong>, Sankiewicz A., Gorodkiewicz E. \u201cWybrane sk\u0142adniki b\u0142ony podstawnej i ich zwi\u0105zek<br>z procesem nowotworzenia\u201d. Wydawnictwo Naukowe Tygiel, 2018; 23 \u2013 34. [5 pkt]<br> <br>Matuszczak E., Komarowska M., Sankiewicz A., <strong>O\u0142dak \u0141.<\/strong>, Gorodkiewicz E., D\u0119bek W., Milewski R., Tylicka M., Hermanowicz A.; \u201cPlasma concentrations of matrix metalloproteinase type 1 and matrix metalloproteinase type 2 in boys with cryptorchidism and its lack<br>of correlation with INSL3 and inhibin B\u201d, <em>Scand J Clin Lab Invest<\/em>, 2019, 79(6) [70 pkt, IF = 1,475] <br><br>Komarowska M., Beata Szyma\u0144ska, <strong>\u0141ukasz O\u0142dak<\/strong>, Anna Sankiewicz, Ewa Matuszczak, Ewa Gorodkiewicz, Wojciech Debek, Robert Milewski, Adam Hermanowicz &#8222;Plasma level of laminin 5 and collagen IV in cryptorchidism&#8221;,&nbsp;<em> Advances in Medical Sciences<\/em>, 2020, 65 [70 pkt, IF = 2,570]<br> <br>Sekowski S., Olchowik-Grabarek, E., Wieckowska, W., Veiko A., <strong>Oldak L<\/strong>., Gorodkiewicz E., Karamov E., Abdulladjanova N., Mavlyanov S., Lapshina E., Zavodnik, I.B., Zamaraeva, M. &#8222;Spectroscopic, Zeta-potential and Surface Plasmon Resonance analysis of interaction between potential anti-HIV tannins with different flexibility and human serum albumin&#8221;, <em>Colloids and Surfaces B: Biointerfaces<\/em>, 2020, 194 [100 pkt, IF = 4,389]<br><br>Ewa Matuszczak, Izabela Cwalina, Marzena Tylicka, Katarzyna Wawrzyn, Magdalena Nowosielska, Anna Sankiewicz, <strong>Lukasz Oldak<\/strong>, Ewa Gorodkiewicz, Adam Hermanowicz, \u201eLevels of Selected Matrix Metalloproteinases-MMP-1, MMP-2 and fibronectin in the saliva <br>of patients planned for endodontic treatment or surgical extraction\u201d, <em>Journal of Clinical Medicine<\/em>, 2020, 9 [140 pkt, IF = 3,03]<br> <br><strong>Oldak L<\/strong>., Sankiewicz A., \u017belazowska-Rutkowska B., Cylwik B., Lukaszewski Z., Skoczylas M., Gorodkiewicz E., \u201eTwo SPRi biosensors for the determination of cathepsin S in blood plasma\u201d, <em>Talanta<\/em>, 2021, 225 [100 pkt, IF = 5,339]<br> <br>Pawel Falkowski, Piotr Mrozek, Zenon Lukaszewski, <strong>Lukasz Oldak<\/strong>, Ewa Gorodkiewicz, \u201eAn Immunosensor for the Determination of Cathepsin S in Blood Plasma by Array SPRi\u2014A Comparison of AnalyticalProperties of Silver\u2013Gold and Pure Gold Chips\u201d, <em>Biosensors<\/em>, 2021, 11 [70 pkt, IF = 5,519]<\/td><\/tr><tr><td><strong>A2. Monografie naukowe\/rozdzia\u0142y w monografiach<\/strong><\/td><td><strong>\u0141ukasz O\u0142dak<\/strong>, Ewa Gorodkiewicz., &#8222;Zastosowanie nowej metody analitycznej opartej <br>na biosensorach SPRi do oznacze\u0144 diagnostycznych&#8221;, <em>ArchaeGraph<\/em>, 2020, 159-176 [20 pkt]<\/td><\/tr><tr><td><strong>B. Konferencje naukowe<\/strong><\/td><td>II M\u0142odzie\u017cowa Konferencja Naukowa &#8222;Wyzwania zr\u00f3wnowa\u017conego rozwoju&#8221;, Bia\u0142ystok, 2016; <strong>\u0141ukasz O\u0142dak<\/strong>, Ewa Gorodkiewicz; wyst\u0105pienie ustne pt.: \u201eElektrody jonoselektywne\u201d <br><br>VII Og\u00f3lnopolska Konferencja &#8222;Post\u0119py w Badaniach Biomedycznych&#8221;, Warszawa, 10-11.12.2016; <strong>\u0141ukasz O\u0142dak<\/strong>, Ewa Gorodkiewicz; poster \u201eZnaczenie i zastosowanie biosensor\u00f3w w medycynie\u201d<br> <br>International Conference of Natural and Medical Sciences: Young Scientists, PhD Students, and Students, Lublin, 1-3.12.2017; <strong>\u0141ukasz O\u0142dak<\/strong>, Ewa Gorodkiewicz; poster \u201eThe use of <br>SPRI biosensors for the determination of collagen IV and laminin-5 in samples of patients with cryptorchidism\u201d<br> <br>VIII Og\u00f3lnopolska Konferencja &#8222;Post\u0119py w Badaniach Biomedycznych&#8221;, Warszawa, 16-17.12.2017; <strong>\u0141ukasz O\u0142dak<\/strong>, Adam Hermanowicz, Ewa Gorodkiewicz; poster \u201eZastosowanie biosensora SPRI do ilo\u015bciowego oznaczania lamininy-5 w pr\u00f3bkach pacjent\u00f3w z wn\u0119trostwem\u201d<br> <br>Konferencja &#8222;Analytical methods to study oxidative damage, antioxidants and drugs. Advanced analytical chemistry for life sciences&#8221;, Bia\u0142ystok, 24-26.05.2018;<strong> \u0141ukasz O\u0142dak<\/strong>, Adam Hermanowicz, Ewa Gorodkiewicz; poster \u201eThe application of SPRI biosensor for the quantitative determination of laminin-5, fibronectin and matrix metalloproteinase-2 in samples of patients with cryptorchidism\u201d <br><br>X Polska Konferencja Chemii Analitycznej, Lublin, 1-5.07.1018; <strong>\u0141ukasz O\u0142dak<\/strong>, Adam Hermanowicz, Ewa Gorodkiewicz; poster \u201eWykorzystanie biosensor\u00f3w SPRI do ilo\u015bciowych oznacze\u0144 wybranych biomarker\u00f3w\u201d<br> <br>IX Og\u00f3lnopolska Konferencja &#8222;Post\u0119py w Badaniach Biomedycznych&#8221;, Warszawa, 1-2.12.2018;<strong> \u0141ukasz O\u0142dak<\/strong>, Adam Hermanowicz, Ewa Gorodkiewicz; wyst\u0105pienie ustne \u201eWykorzystanie analityczne biosensora SPRI czu\u0142ego na MMP-2 do oznacze\u0144 w pr\u00f3bkach \u015bliny\u201d<br> <br>VI Og\u00f3lnopolska Konferencja Student\u00f3w Medycyny Laboratoryjnej <br>i M\u0142odych Diagnost\u00f3w \u201eWschodz\u0105ca Diagnostyka\u201d, Bia\u0142ystok, 13.04.2019; <strong>\u0141ukasz O\u0142dak<\/strong>, Anna Sankiewicz, Adam Hermanowicz, Ewa Gorodkiewicz; wyst\u0105pienie ustne \u201eIlo\u015bciowe oznaczanie wybranych sk\u0142adnik\u00f3w macierzy zewn\u0105trzkom\u00f3rkowej we wn\u0119trostwie z wykorzystaniem biosensor\u00f3w SPRi\u201d <br><br>16th International Interdisciplinary Meeting on Bioanalysis, Gda\u0144sk, 24-26.09.1019;<strong> \u0141ukasz O\u0142dak<\/strong>, Anna Sankiewicz, Zenon \u0141ukaszewski, Ewa Gorodkiewicz; poster \u201eBiosensor <br>for determination of cathepsin S based on Surface Plasmon Resonance\u201d<br> <br>X Og\u00f3lnopolska Konferencja &#8222;Post\u0119py w Badaniach Biomedycznych&#8221;, Warszawa, 30.11.2019; <strong>\u0141ukasz O\u0142dak<\/strong>, Anna Sankiewicz, Zenon \u0141ukaszewski, Ewa Gorodkiewicz; wyst\u0105pienie ustne pt.: \u201eBiosensor SPRi do ilo\u015bciowego oznaczania katepsyny S w materiale biologicznym\u201d<br><br>II Og\u00f3lnopolska Konferencja Naukowa &#8222;Wyzwania i problemy nauk biomedycznych&#8221;, online, 21.01.2021; <strong>\u0141ukasz O\u0142dak<\/strong>, Ewa Gorodkiewicz; wyst\u0105pienie ustne pt.: \u201eWykorzystanie biosensor\u00f3w SPRi do oznacze\u0144 wybranych potencjalnych biomarker\u00f3w glejaka m\u00f3zgu\u201d<br> <br>Og\u00f3lnopolska Konferencja &#8222;Post\u0119py w Badaniach Biomedycznych&#8221;, online, 27.02.2021; <strong>\u0141ukasz O\u0142dak<\/strong>, Ewa Gorodkiewicz, Patrycja Modzelewska, Sylwia Chludzi\u0144ska, Joanna Resze\u0107; wyst\u0105pienie ustne pt.:\u201ePanel analityczny oparty na biosensorach SPRi do oznacze\u0144 ilo\u015bciowych wybranych potencjalnych biomarker\u00f3w glejaka m\u00f3zgu\u201d <br><br>VII Og\u00f3lnopolska Konferencja Student\u00f3w Medycyny Laboratoryjnej i M\u0142odych Diagnost\u00f3w \u201eWschodz\u0105ca Diagnostyka&#8221;, online, 5.06.2021; <strong>\u0141ukasz O\u0142dak<\/strong>, Ewa Gorodkiewicz, Patrycja Modzelewska, Sylwia Chludzi\u0144ska, Joanna Resze\u0107; wyst\u0105pienie ustne pt.: \u201eIlo\u015bciowe oznaczenia katepsyny B, D oraz S jako potencjalnych biomarker\u00f3w glejaka m\u00f3zgu\u201d<\/td><\/tr><tr><td><strong>C. Granty<\/strong><\/td><td>&#8222;Konstrukcja aparatu SPRI z zastosowaniem biosensor\u00f3w do oznacze\u0144 subsrancji biologicznie czynnych&#8221; (Konsorcjum Uczelni w Bia\u0142ymstoku), kierownik projektu: dr hab. Ewa Gorodkiewicz, prof. UwB; rola w projekcie: wykonawca (listopad 2019 \u2013 lipiec 2020] <br><br>&#8222;Medycyna i zdrowie. Aspekty interdyscyplinarne&#8221;, rola w projekcie: cz\u0142onek zespo\u0142u badawczego (marzec 2020 \u2013 lipiec 2020] <br><br>&#8222;Automatyzacja i miniaturyzacja prototypu aparatu do pomiar\u00f3w SPRi oraz modyfikowania konstrukcji biosensor\u00f3w w celu tworzenia paneli diagnostycznych&#8221; (Konsorcjum Uczelni w Bia\u0142ymstoku), kierownik projektu: dr hab. Ewa Gorodkiewicz, prof. UwB; rola w projekcie: wykonawca (pa\u017adziernik 2021 \u2013 grudzie\u0144 2022)<\/td><\/tr><tr><td><strong>D. Zrealizowane sta\u017ce<\/strong><\/td><td><strong>07. 06 \u2013 18. 06. 2021<\/strong> Uniwersytet Medyczny w Bia\u0142ymstoku Zak\u0142ad Laboratoryjnej Diagnostyki Pediatrycznej<\/td><\/tr><tr><td><strong>E. Inne aktywno\u015bci\/osi\u0105gni\u0119cia naukowe<\/strong><\/td><td>Zg\u0142oszenie patentowe: <br>\u0141ukasz O\u0142dak, Ewa Gorodkiewicz, Anna Sankiewicz, Bogdan Wyrwas, Zenon \u0141ukaszewski Biosensor do specyficznego oznaczania st\u0119\u017cenia katepsyny S w p\u0142ynach ustrojowych<br>i homogenatach tkankowych technik\u0105 powierzchniowego rezonansu plazmon\u00f3w w wersji Imaging [P.430495]<br>   <strong>&nbsp;<\/strong> <br>Uczestnictwo w konkursach:<br><strong>Technotalent 2018<\/strong> Uczestniczy\u0142em w Finale Konkursu Technotalent w kategorii Technotalent Uniwersytetu w Bia\u0142ymstoku 2018. Przedstawi\u0142em projekt pt. \u201eNowe metody analityczne do oznacze\u0144 biomarker\u00f3w w r\u00f3\u017cnych pr\u00f3bkach naturalnych z wykorzystaniem biosensor\u00f3w SPRi\u201d <br><strong>Student Wynalazca 2020 \/ 2021<\/strong> Do Konkursu zg\u0142osi\u0142em skonstruowany przeze mnie biosensor do specyficznego oznaczania st\u0119\u017cenia katepsyny S w p\u0142ynach ustrojowych <br>i homogenatach tkankowych technik\u0105 powierzchniowego rezonansu plazmon\u00f3w w wersji Imaging. &nbsp;<br><br>Udzia\u0142 w szkoleniach: <br><strong>13. 11. 2018<\/strong> MS Spectrum Warsztaty z wykorzystaniem metod spektrometrycznych <br>w badaniach \u015brodowiskowych i kryminalistycznych. <br><strong>26. 11. 2019<\/strong> MS Spectrum Warsztaty analityczne pt. \u201eWykorzystanie metod spektrometrycznych w badaniach \u015brodowiskowych, kryminalistycznych oraz \u017cywno\u015bci\u201d. <br><strong>11. 12. 2020<\/strong> MS Spectrum Analiza ca\u0142kowitego w\u0119gla organicznego (TOC) metod\u0105 wysokotemperaturow\u0105 oraz UV. <br><strong>24. 02. 2021<\/strong> StatSoft Polska Szkolenie \u201eWybrane metody analiz wielowymiarowych\u201d <br><strong>12. 05. 2021<\/strong> StatSoft Polska Szkolenie \u201eAnaliza regresji \u2013 na czym polega i kiedy warto j\u0105 zastosowa\u0107?\u201d<\/td><\/tr><tr><td><strong>Inna aktywno\u015b\u0107, np. organizacyjna<\/strong><\/td><td>Pomoc w przygotowaniu i przeprowadzeniu imprez promocyjnych w ramach \u201eMarcowych spotka\u0144 z nauk\u0105\u201d podczas Dni Otwartych Wydzia\u0142u Biologiczno-Chemicznego UwB 2017 <br><br>Pomoc w przygotowaniu i przeprowadzeniu imprez promocyjnych w ramach \u201eMarcowych spotka\u0144 z nauk\u0105\u201d podczas Dni Otwartych Wydzia\u0142u Biologiczno-Chemicznego UwB 2018 <br><br>Wyg\u0142oszenie wyk\u0142adu popularnonaukowego pt. \u201eCzy medycyna mo\u017ce istnie\u0107 bez chemii?\u201d <br>w I Liceum Og\u00f3lnokszta\u0142c\u0105cym im. Adama Mickiewicza w Bia\u0142ymstoku oraz w IV Liceum Og\u00f3lnokszta\u0142c\u0105cym im. C.K. Norwida w Bia\u0142ymstoku w listopadzie 2018 roku<br> <br>Pomoc w przygotowaniu i przeprowadzeniu imprez promocyjnych w ramach \u201eMarcowych spotka\u0144 z nauk\u0105\u201d podczas Dni Otwartych Wydzia\u0142u Chemii UwB 2021<\/td><\/tr><\/tbody><\/table><\/figure>\n","protected":false},"excerpt":{"rendered":"<p>E-mail&nbsp; l.oldak@uwb.edu.pl Kod ORCID 0000-0003-1829-7466 Temat rozprawy doktorskiej Badania por\u00f3wnawcze nowych rozwi\u0105za\u0144 w technice SPRi w odniesieniu do oznaczania biomarker\u00f3w Promotor prof. dr hab. Ewa Gorodkiewicz Promotor pomocniczy &#8211; Wydzia\u0142&hellip;<\/p>\n","protected":false},"author":8,"featured_media":0,"parent":0,"menu_order":0,"comment_status":"closed","ping_status":"closed","template":"","meta":{"footnotes":""},"class_list":["post-463","page","type-page","status-publish","hentry"],"yoast_head":"<!-- This site is optimized with the Yoast SEO plugin v27.3 - https:\/\/yoast.com\/product\/yoast-seo-wordpress\/ -->\n<title>dr \u0141ukasz O\u0142dak - Szko\u0142a Doktorska Nauk \u015acis\u0142ych i Przyrodniczych UwB<\/title>\n<meta name=\"robots\" content=\"index, follow, max-snippet:-1, max-image-preview:large, max-video-preview:-1\" \/>\n<link rel=\"canonical\" href=\"https:\/\/szkolydoktorskie.uwb.edu.pl\/nsip\/mgr-lukasz-oldak\/\" \/>\n<meta property=\"og:locale\" content=\"pl_PL\" \/>\n<meta property=\"og:type\" content=\"article\" \/>\n<meta property=\"og:title\" content=\"dr \u0141ukasz O\u0142dak - Szko\u0142a Doktorska Nauk \u015acis\u0142ych i Przyrodniczych UwB\" \/>\n<meta property=\"og:description\" content=\"E-mail&nbsp; l.oldak@uwb.edu.pl Kod ORCID 0000-0003-1829-7466 Temat rozprawy doktorskiej Badania por\u00f3wnawcze nowych rozwi\u0105za\u0144 w technice SPRi w odniesieniu do oznaczania biomarker\u00f3w Promotor prof. dr hab. Ewa Gorodkiewicz Promotor pomocniczy &#8211; Wydzia\u0142&hellip;\" \/>\n<meta property=\"og:url\" content=\"https:\/\/szkolydoktorskie.uwb.edu.pl\/nsip\/mgr-lukasz-oldak\/\" \/>\n<meta property=\"og:site_name\" content=\"Szko\u0142a Doktorska Nauk \u015acis\u0142ych i Przyrodniczych UwB\" \/>\n<meta property=\"article:modified_time\" content=\"2024-06-17T06:10:53+00:00\" \/>\n<meta property=\"og:image\" content=\"https:\/\/szkolydoktorskie.uwb.edu.pl\/nsip\/wp-content\/uploads\/sites\/4\/2021\/09\/obraz-1.png\" \/>\n<meta name=\"twitter:card\" content=\"summary_large_image\" \/>\n<meta name=\"twitter:label1\" content=\"Szacowany czas czytania\" \/>\n\t<meta name=\"twitter:data1\" content=\"8 minut\" \/>\n<script type=\"application\/ld+json\" class=\"yoast-schema-graph\">{\"@context\":\"https:\\\/\\\/schema.org\",\"@graph\":[{\"@type\":\"WebPage\",\"@id\":\"https:\\\/\\\/szkolydoktorskie.uwb.edu.pl\\\/nsip\\\/mgr-lukasz-oldak\\\/\",\"url\":\"https:\\\/\\\/szkolydoktorskie.uwb.edu.pl\\\/nsip\\\/mgr-lukasz-oldak\\\/\",\"name\":\"dr \u0141ukasz O\u0142dak - Szko\u0142a Doktorska Nauk \u015acis\u0142ych i Przyrodniczych UwB\",\"isPartOf\":{\"@id\":\"https:\\\/\\\/szkolydoktorskie.uwb.edu.pl\\\/nsip\\\/#website\"},\"primaryImageOfPage\":{\"@id\":\"https:\\\/\\\/szkolydoktorskie.uwb.edu.pl\\\/nsip\\\/mgr-lukasz-oldak\\\/#primaryimage\"},\"image\":{\"@id\":\"https:\\\/\\\/szkolydoktorskie.uwb.edu.pl\\\/nsip\\\/mgr-lukasz-oldak\\\/#primaryimage\"},\"thumbnailUrl\":\"https:\\\/\\\/szkolydoktorskie.uwb.edu.pl\\\/nsip\\\/wp-content\\\/uploads\\\/sites\\\/4\\\/2021\\\/09\\\/obraz-1.png\",\"datePublished\":\"2021-09-20T07:04:14+00:00\",\"dateModified\":\"2024-06-17T06:10:53+00:00\",\"breadcrumb\":{\"@id\":\"https:\\\/\\\/szkolydoktorskie.uwb.edu.pl\\\/nsip\\\/mgr-lukasz-oldak\\\/#breadcrumb\"},\"inLanguage\":\"pl-PL\",\"potentialAction\":[{\"@type\":\"ReadAction\",\"target\":[\"https:\\\/\\\/szkolydoktorskie.uwb.edu.pl\\\/nsip\\\/mgr-lukasz-oldak\\\/\"]}]},{\"@type\":\"ImageObject\",\"inLanguage\":\"pl-PL\",\"@id\":\"https:\\\/\\\/szkolydoktorskie.uwb.edu.pl\\\/nsip\\\/mgr-lukasz-oldak\\\/#primaryimage\",\"url\":\"https:\\\/\\\/szkolydoktorskie.uwb.edu.pl\\\/nsip\\\/wp-content\\\/uploads\\\/sites\\\/4\\\/2021\\\/09\\\/obraz-1.png\",\"contentUrl\":\"https:\\\/\\\/szkolydoktorskie.uwb.edu.pl\\\/nsip\\\/wp-content\\\/uploads\\\/sites\\\/4\\\/2021\\\/09\\\/obraz-1.png\",\"width\":367,\"height\":599},{\"@type\":\"BreadcrumbList\",\"@id\":\"https:\\\/\\\/szkolydoktorskie.uwb.edu.pl\\\/nsip\\\/mgr-lukasz-oldak\\\/#breadcrumb\",\"itemListElement\":[{\"@type\":\"ListItem\",\"position\":1,\"name\":\"Strona g\u0142\u00f3wna\",\"item\":\"https:\\\/\\\/szkolydoktorskie.uwb.edu.pl\\\/nsip\\\/\"},{\"@type\":\"ListItem\",\"position\":2,\"name\":\"dr \u0141ukasz O\u0142dak\"}]},{\"@type\":\"WebSite\",\"@id\":\"https:\\\/\\\/szkolydoktorskie.uwb.edu.pl\\\/nsip\\\/#website\",\"url\":\"https:\\\/\\\/szkolydoktorskie.uwb.edu.pl\\\/nsip\\\/\",\"name\":\"Szko\u0142a Doktorska Nauk \u015acis\u0142ych i Przyrodniczych UwB\",\"description\":\"Szko\u0142a Doktorska Nauk \u015acis\u0142ych i Przyrodniczych UwB\",\"publisher\":{\"@id\":\"https:\\\/\\\/szkolydoktorskie.uwb.edu.pl\\\/nsip\\\/#organization\"},\"potentialAction\":[{\"@type\":\"SearchAction\",\"target\":{\"@type\":\"EntryPoint\",\"urlTemplate\":\"https:\\\/\\\/szkolydoktorskie.uwb.edu.pl\\\/nsip\\\/?s={search_term_string}\"},\"query-input\":{\"@type\":\"PropertyValueSpecification\",\"valueRequired\":true,\"valueName\":\"search_term_string\"}}],\"inLanguage\":\"pl-PL\"},{\"@type\":\"Organization\",\"@id\":\"https:\\\/\\\/szkolydoktorskie.uwb.edu.pl\\\/nsip\\\/#organization\",\"name\":\"Szko\u0142a Doktorska Nauk \u015acis\u0142ych i Przyrodniczych UwB\",\"url\":\"https:\\\/\\\/szkolydoktorskie.uwb.edu.pl\\\/nsip\\\/\",\"logo\":{\"@type\":\"ImageObject\",\"inLanguage\":\"pl-PL\",\"@id\":\"https:\\\/\\\/szkolydoktorskie.uwb.edu.pl\\\/nsip\\\/#\\\/schema\\\/logo\\\/image\\\/\",\"url\":\"https:\\\/\\\/szkolydoktorskie.uwb.edu.pl\\\/nsip\\\/wp-content\\\/uploads\\\/sites\\\/4\\\/2021\\\/04\\\/cropped-LOGO-NSIP.png\",\"contentUrl\":\"https:\\\/\\\/szkolydoktorskie.uwb.edu.pl\\\/nsip\\\/wp-content\\\/uploads\\\/sites\\\/4\\\/2021\\\/04\\\/cropped-LOGO-NSIP.png\",\"width\":705,\"height\":188,\"caption\":\"Szko\u0142a Doktorska Nauk \u015acis\u0142ych i Przyrodniczych UwB\"},\"image\":{\"@id\":\"https:\\\/\\\/szkolydoktorskie.uwb.edu.pl\\\/nsip\\\/#\\\/schema\\\/logo\\\/image\\\/\"}}]}<\/script>\n<!-- \/ Yoast SEO plugin. -->","yoast_head_json":{"title":"dr \u0141ukasz O\u0142dak - Szko\u0142a Doktorska Nauk \u015acis\u0142ych i Przyrodniczych UwB","robots":{"index":"index","follow":"follow","max-snippet":"max-snippet:-1","max-image-preview":"max-image-preview:large","max-video-preview":"max-video-preview:-1"},"canonical":"https:\/\/szkolydoktorskie.uwb.edu.pl\/nsip\/mgr-lukasz-oldak\/","og_locale":"pl_PL","og_type":"article","og_title":"dr \u0141ukasz O\u0142dak - Szko\u0142a Doktorska Nauk \u015acis\u0142ych i Przyrodniczych UwB","og_description":"E-mail&nbsp; l.oldak@uwb.edu.pl Kod ORCID 0000-0003-1829-7466 Temat rozprawy doktorskiej Badania por\u00f3wnawcze nowych rozwi\u0105za\u0144 w technice SPRi w odniesieniu do oznaczania biomarker\u00f3w Promotor prof. dr hab. Ewa Gorodkiewicz Promotor pomocniczy &#8211; Wydzia\u0142&hellip;","og_url":"https:\/\/szkolydoktorskie.uwb.edu.pl\/nsip\/mgr-lukasz-oldak\/","og_site_name":"Szko\u0142a Doktorska Nauk \u015acis\u0142ych i Przyrodniczych UwB","article_modified_time":"2024-06-17T06:10:53+00:00","og_image":[{"url":"https:\/\/szkolydoktorskie.uwb.edu.pl\/nsip\/wp-content\/uploads\/sites\/4\/2021\/09\/obraz-1.png","type":"","width":"","height":""}],"twitter_card":"summary_large_image","twitter_misc":{"Szacowany czas czytania":"8 minut"},"schema":{"@context":"https:\/\/schema.org","@graph":[{"@type":"WebPage","@id":"https:\/\/szkolydoktorskie.uwb.edu.pl\/nsip\/mgr-lukasz-oldak\/","url":"https:\/\/szkolydoktorskie.uwb.edu.pl\/nsip\/mgr-lukasz-oldak\/","name":"dr \u0141ukasz O\u0142dak - Szko\u0142a Doktorska Nauk \u015acis\u0142ych i Przyrodniczych UwB","isPartOf":{"@id":"https:\/\/szkolydoktorskie.uwb.edu.pl\/nsip\/#website"},"primaryImageOfPage":{"@id":"https:\/\/szkolydoktorskie.uwb.edu.pl\/nsip\/mgr-lukasz-oldak\/#primaryimage"},"image":{"@id":"https:\/\/szkolydoktorskie.uwb.edu.pl\/nsip\/mgr-lukasz-oldak\/#primaryimage"},"thumbnailUrl":"https:\/\/szkolydoktorskie.uwb.edu.pl\/nsip\/wp-content\/uploads\/sites\/4\/2021\/09\/obraz-1.png","datePublished":"2021-09-20T07:04:14+00:00","dateModified":"2024-06-17T06:10:53+00:00","breadcrumb":{"@id":"https:\/\/szkolydoktorskie.uwb.edu.pl\/nsip\/mgr-lukasz-oldak\/#breadcrumb"},"inLanguage":"pl-PL","potentialAction":[{"@type":"ReadAction","target":["https:\/\/szkolydoktorskie.uwb.edu.pl\/nsip\/mgr-lukasz-oldak\/"]}]},{"@type":"ImageObject","inLanguage":"pl-PL","@id":"https:\/\/szkolydoktorskie.uwb.edu.pl\/nsip\/mgr-lukasz-oldak\/#primaryimage","url":"https:\/\/szkolydoktorskie.uwb.edu.pl\/nsip\/wp-content\/uploads\/sites\/4\/2021\/09\/obraz-1.png","contentUrl":"https:\/\/szkolydoktorskie.uwb.edu.pl\/nsip\/wp-content\/uploads\/sites\/4\/2021\/09\/obraz-1.png","width":367,"height":599},{"@type":"BreadcrumbList","@id":"https:\/\/szkolydoktorskie.uwb.edu.pl\/nsip\/mgr-lukasz-oldak\/#breadcrumb","itemListElement":[{"@type":"ListItem","position":1,"name":"Strona g\u0142\u00f3wna","item":"https:\/\/szkolydoktorskie.uwb.edu.pl\/nsip\/"},{"@type":"ListItem","position":2,"name":"dr \u0141ukasz O\u0142dak"}]},{"@type":"WebSite","@id":"https:\/\/szkolydoktorskie.uwb.edu.pl\/nsip\/#website","url":"https:\/\/szkolydoktorskie.uwb.edu.pl\/nsip\/","name":"Szko\u0142a Doktorska Nauk \u015acis\u0142ych i Przyrodniczych UwB","description":"Szko\u0142a Doktorska Nauk \u015acis\u0142ych i Przyrodniczych UwB","publisher":{"@id":"https:\/\/szkolydoktorskie.uwb.edu.pl\/nsip\/#organization"},"potentialAction":[{"@type":"SearchAction","target":{"@type":"EntryPoint","urlTemplate":"https:\/\/szkolydoktorskie.uwb.edu.pl\/nsip\/?s={search_term_string}"},"query-input":{"@type":"PropertyValueSpecification","valueRequired":true,"valueName":"search_term_string"}}],"inLanguage":"pl-PL"},{"@type":"Organization","@id":"https:\/\/szkolydoktorskie.uwb.edu.pl\/nsip\/#organization","name":"Szko\u0142a Doktorska Nauk \u015acis\u0142ych i Przyrodniczych UwB","url":"https:\/\/szkolydoktorskie.uwb.edu.pl\/nsip\/","logo":{"@type":"ImageObject","inLanguage":"pl-PL","@id":"https:\/\/szkolydoktorskie.uwb.edu.pl\/nsip\/#\/schema\/logo\/image\/","url":"https:\/\/szkolydoktorskie.uwb.edu.pl\/nsip\/wp-content\/uploads\/sites\/4\/2021\/04\/cropped-LOGO-NSIP.png","contentUrl":"https:\/\/szkolydoktorskie.uwb.edu.pl\/nsip\/wp-content\/uploads\/sites\/4\/2021\/04\/cropped-LOGO-NSIP.png","width":705,"height":188,"caption":"Szko\u0142a Doktorska Nauk \u015acis\u0142ych i Przyrodniczych UwB"},"image":{"@id":"https:\/\/szkolydoktorskie.uwb.edu.pl\/nsip\/#\/schema\/logo\/image\/"}}]}},"_links":{"self":[{"href":"https:\/\/szkolydoktorskie.uwb.edu.pl\/nsip\/wp-json\/wp\/v2\/pages\/463","targetHints":{"allow":["GET"]}}],"collection":[{"href":"https:\/\/szkolydoktorskie.uwb.edu.pl\/nsip\/wp-json\/wp\/v2\/pages"}],"about":[{"href":"https:\/\/szkolydoktorskie.uwb.edu.pl\/nsip\/wp-json\/wp\/v2\/types\/page"}],"author":[{"embeddable":true,"href":"https:\/\/szkolydoktorskie.uwb.edu.pl\/nsip\/wp-json\/wp\/v2\/users\/8"}],"replies":[{"embeddable":true,"href":"https:\/\/szkolydoktorskie.uwb.edu.pl\/nsip\/wp-json\/wp\/v2\/comments?post=463"}],"version-history":[{"count":26,"href":"https:\/\/szkolydoktorskie.uwb.edu.pl\/nsip\/wp-json\/wp\/v2\/pages\/463\/revisions"}],"predecessor-version":[{"id":3156,"href":"https:\/\/szkolydoktorskie.uwb.edu.pl\/nsip\/wp-json\/wp\/v2\/pages\/463\/revisions\/3156"}],"wp:attachment":[{"href":"https:\/\/szkolydoktorskie.uwb.edu.pl\/nsip\/wp-json\/wp\/v2\/media?parent=463"}],"curies":[{"name":"wp","href":"https:\/\/api.w.org\/{rel}","templated":true}]}}