{"id":1837,"date":"2023-01-03T10:16:56","date_gmt":"2023-01-03T09:16:56","guid":{"rendered":"https:\/\/szkolydoktorskie.uwb.edu.pl\/nsip\/?page_id=1837"},"modified":"2023-09-06T11:03:12","modified_gmt":"2023-09-06T09:03:12","slug":"mgr-adam-dominik-majewski","status":"publish","type":"page","link":"https:\/\/szkolydoktorskie.uwb.edu.pl\/nsip\/mgr-adam-dominik-majewski\/","title":{"rendered":"mgr Adam Dominik Majewski"},"content":{"rendered":"\n<figure class=\"wp-block-image size-large is-resized\"><img loading=\"lazy\" decoding=\"async\" src=\"https:\/\/szkolydoktorskie.uwb.edu.pl\/nsip\/wp-content\/uploads\/sites\/4\/2023\/09\/Adam-Majewski-843x1024.jpg\" alt=\"\" class=\"wp-image-2638\" style=\"width:307px;height:356px\" width=\"307\" height=\"356\" \/><\/figure>\n\n\n\n<figure class=\"wp-block-table\"><table><tbody><tr><td><strong>E-mail<\/strong><\/td><td><a href=\"mailto:a.majewski@uwb.edu.pl\">a.majewski@uwb.edu.pl<\/a><\/td><\/tr><tr><td><strong>Kod ORCID<\/strong><\/td><td>0000-0003-4437-0751<\/td><\/tr><tr><td><strong>Temat rozprawy doktorskiej<\/strong><\/td><td>Badanie funkcjonalizacji wi\u0105za\u0144 C-H w steroidach. Utlenianie \u0142a\u0144cucha bocznego<br>w cholesterolu w kierunku syntezy witaminy 25-OH-D<sub>3<\/sub> i hormon\u00f3w steroidowych.<\/td><\/tr><tr><td><strong>Promotor<\/strong><\/td><td>dr hab. Agnieszka Wojtkielewicz, prof. UwB<\/td><\/tr><tr><td><strong>Promotor pomocniczy<\/strong><\/td><td>dr Aneta M. Tomkiel<\/td><\/tr><tr><td><strong>Wydzia\u0142 \/Katedra\/Zak\u0142ad<\/strong><\/td><td>Wydzia\u0142 Chemii\/Katedra Chemii Organicznej\/Zak\u0142ad Chemii Produkt\u00f3w Naturalnych<\/td><\/tr><tr><td><strong>Dzia\u0142alno\u015b\u0107 naukowo-badawcza<\/strong><\/td><td><\/td><\/tr><tr><td><strong>A.&nbsp;&nbsp;&nbsp;&nbsp;Publikacje naukowe<\/strong><\/td><td>&nbsp;<\/td><\/tr><tr><td><strong>A1. Artyku\u0142y naukowe w czasopismach<\/strong><\/td><td><\/td><\/tr><tr><td><strong>A2. Monografie naukowe\/rozdzia\u0142y w monografiach<\/strong><\/td><td><\/td><\/tr><tr><td><strong>B. Konferencje naukowe<\/strong><\/td><td><strong>I Og\u00f3lnopolska Konferencja \u201eNaukowe Forum Doktorant\u00f3w\u201d, konferencja og\u00f3lnokrajowa, 21.04.2023, Wydzia\u0142 Biologii Uniwersytetu w Bia\u0142ymstoku, referat ustny pt. \u201e<\/strong>\u201e<em>Badanie funkcjonalizacji wi\u0105za\u0144 C-H<br>w steroidach. Utlenianie \u0142a\u0144cucha bocznego<br>w cholesterolu w kierunku syntezy witaminy<br>25-OH-D<sub>3<\/sub> i hormon\u00f3w witaminowych<\/em>\u201d\u201d<\/td><\/tr><tr><td><strong>C. Granty<\/strong><\/td><td>Grant \u201eOpracowanie i optymalizacja chemicznej hydroksylacji pochodnych cholesterolu w kierunku syntezy 25-hydroksy witaminy D<sub>3<\/sub>\u201d realizowany w ramach projektu \u201eNauka w m\u0142odych r\u0119kach dla otoczenia spo\u0142eczno-gospodarczego\u201d; rola w grancie:kierownik (listopad 2022 \u2013  listopad 2023)<\/td><\/tr><tr><td><strong>D. Zrealizowane sta\u017ce<\/strong><\/td><td>Biofarm sp. z o.o, Pozna\u0144, 08.05.23-25.05.23<\/td><\/tr><tr><td><strong>E. Inne aktywno\u015bci\/osi\u0105gni\u0119cia naukowe<\/strong><\/td><td>Udzia\u0142 czynny w warsztatach: \u201eMetody spektroskopowe w projektowaniu i otrzymywaniu lek\u00f3w oraz ich no\u015bnik\u00f3w) <br><br>Cz\u0142onkostwo w studenckim kole naukowym \u201ePozyton\u201d w roku<br> akademickim 2021\/2022. <br><br>Przygotowanie w projekcie do Konkursu Ministerstwa Nauki i\u00a0Szkolnictwa Wy\u017cszego \u201eStudenckie Ko\u0142a Naukowe tworz\u0105 innowacje\u201d \u2013 \u201eMaseczka \u2013 ochrona i co potem?\u201d<br><br>Udzia\u0142 w przygotowaniach i\u00a0prowadzenie zaj\u0119\u0107 podczas \u201eMarcowych spotka\u0144 z nauk\u0105\u201d w\u00a0ramach Dni Otwartych na Kampusie Uniwersytetu w\u00a0Bia\u0142ymstoku.<br><br>Organizacja zaj\u0119\u0107 z cyklu \u201eSpotkania z nauk\u0105\u201d w ramach Dni Otwartych na Kampusie Uniwersytetu w Bia\u0142ymstoku<br><br>Przygotowanie prezentacji multimedialnej w ramach cyklu \u201eChemia na Sygnale\u201d podczas \u201eSpotka\u0144 z Nauk\u0105\u201d na Kampusie Uniwersytetu w\u00a0Bia\u0142ymstoku<br><br>Cz\u0142onkostwo w komitecie organizacyjnym VII Konferencji \u201eZwi\u0105zki biologicznie czynne: aktywno\u015b\u0107, struktura, synteza\u201d organizowanej przez Wydzia\u0142 Chemii Uniwersytetu w\u00a0Bia\u0142ymstoku <br><br>Cz\u0142onkostwo w komitecie organizacyjnym Sympozjum \u201eZwi\u0105zki biologicznie czynne: aktywno\u015b\u0107, struktura, synteza&#8221;\u00a0<br><br>Udzia\u0142 w patencie \u201e<em>Spos\u00f3b wytwarzania 25-hydroksypro-witaminy\u00a0D<sub>3<\/sub><\/em>\u201d; zg\u0142oszenie patentowe nr P.444551<br>Autorzy: A. Wojtkielewicz, A. Baj, J. Romanowska, Majewski A.D., Morzycki J.W. (Uniwersytet w Bia\u0142ymstoku),; zg\u0142oszenie patentowe nr P.444551 (2023.04.24).<\/td><\/tr><tr><td><strong>Inna aktywno\u015b\u0107, np. organizacyjna<\/strong><\/td><td>Cz\u0142onkostwo w komitecie organizacyjnym Sympozjum \u201eZwi\u0105zki biologicznie czynne: aktywno\u015b\u0107, struktura, synteza\u201d. 17.11.2022 r<br>\u00a0<br>Udzia\u0142 w organizacji zaj\u0119\u0107 z cyklu \u201eSpotkania z nauk\u0105\u201d w ramach Dni Otwartych w Kampusie Uniwersytetu w Bia\u0142ymstoku,<br>23-25.03.2023<\/td><\/tr><\/tbody><\/table><\/figure>\n","protected":false},"excerpt":{"rendered":"<p>E-mail a.majewski@uwb.edu.pl Kod ORCID 0000-0003-4437-0751 Temat rozprawy doktorskiej Badanie funkcjonalizacji wi\u0105za\u0144 C-H w steroidach. Utlenianie \u0142a\u0144cucha bocznegow cholesterolu w kierunku syntezy witaminy 25-OH-D3 i hormon\u00f3w steroidowych. Promotor dr hab. Agnieszka&hellip;<\/p>\n","protected":false},"author":14,"featured_media":0,"parent":0,"menu_order":0,"comment_status":"closed","ping_status":"closed","template":"","meta":{"footnotes":""},"class_list":["post-1837","page","type-page","status-publish","hentry"],"yoast_head":"<!-- This site is optimized with the Yoast SEO plugin v27.3 - https:\/\/yoast.com\/product\/yoast-seo-wordpress\/ -->\n<title>mgr Adam Dominik Majewski - Szko\u0142a Doktorska Nauk \u015acis\u0142ych i Przyrodniczych UwB<\/title>\n<meta name=\"robots\" content=\"index, follow, max-snippet:-1, max-image-preview:large, max-video-preview:-1\" \/>\n<link rel=\"canonical\" href=\"https:\/\/szkolydoktorskie.uwb.edu.pl\/nsip\/mgr-adam-dominik-majewski\/\" \/>\n<meta property=\"og:locale\" content=\"pl_PL\" \/>\n<meta property=\"og:type\" content=\"article\" \/>\n<meta property=\"og:title\" content=\"mgr Adam Dominik Majewski - Szko\u0142a Doktorska Nauk \u015acis\u0142ych i Przyrodniczych UwB\" \/>\n<meta property=\"og:description\" content=\"E-mail a.majewski@uwb.edu.pl Kod ORCID 0000-0003-4437-0751 Temat rozprawy doktorskiej Badanie funkcjonalizacji wi\u0105za\u0144 C-H w steroidach. Utlenianie \u0142a\u0144cucha bocznegow cholesterolu w kierunku syntezy witaminy 25-OH-D3 i hormon\u00f3w steroidowych. Promotor dr hab. Agnieszka&hellip;\" \/>\n<meta property=\"og:url\" content=\"https:\/\/szkolydoktorskie.uwb.edu.pl\/nsip\/mgr-adam-dominik-majewski\/\" \/>\n<meta property=\"og:site_name\" content=\"Szko\u0142a Doktorska Nauk \u015acis\u0142ych i Przyrodniczych UwB\" \/>\n<meta property=\"article:modified_time\" content=\"2023-09-06T09:03:12+00:00\" \/>\n<meta property=\"og:image\" content=\"https:\/\/szkolydoktorskie.uwb.edu.pl\/nsip\/wp-content\/uploads\/sites\/4\/2023\/09\/Adam-Majewski-843x1024.jpg\" \/>\n<meta name=\"twitter:card\" content=\"summary_large_image\" \/>\n<meta name=\"twitter:label1\" content=\"Szacowany czas czytania\" \/>\n\t<meta name=\"twitter:data1\" content=\"2 minuty\" \/>\n<script type=\"application\/ld+json\" class=\"yoast-schema-graph\">{\"@context\":\"https:\\\/\\\/schema.org\",\"@graph\":[{\"@type\":\"WebPage\",\"@id\":\"https:\\\/\\\/szkolydoktorskie.uwb.edu.pl\\\/nsip\\\/mgr-adam-dominik-majewski\\\/\",\"url\":\"https:\\\/\\\/szkolydoktorskie.uwb.edu.pl\\\/nsip\\\/mgr-adam-dominik-majewski\\\/\",\"name\":\"mgr Adam Dominik Majewski - Szko\u0142a Doktorska Nauk \u015acis\u0142ych i Przyrodniczych UwB\",\"isPartOf\":{\"@id\":\"https:\\\/\\\/szkolydoktorskie.uwb.edu.pl\\\/nsip\\\/#website\"},\"primaryImageOfPage\":{\"@id\":\"https:\\\/\\\/szkolydoktorskie.uwb.edu.pl\\\/nsip\\\/mgr-adam-dominik-majewski\\\/#primaryimage\"},\"image\":{\"@id\":\"https:\\\/\\\/szkolydoktorskie.uwb.edu.pl\\\/nsip\\\/mgr-adam-dominik-majewski\\\/#primaryimage\"},\"thumbnailUrl\":\"https:\\\/\\\/szkolydoktorskie.uwb.edu.pl\\\/nsip\\\/wp-content\\\/uploads\\\/sites\\\/4\\\/2023\\\/09\\\/Adam-Majewski-843x1024.jpg\",\"datePublished\":\"2023-01-03T09:16:56+00:00\",\"dateModified\":\"2023-09-06T09:03:12+00:00\",\"breadcrumb\":{\"@id\":\"https:\\\/\\\/szkolydoktorskie.uwb.edu.pl\\\/nsip\\\/mgr-adam-dominik-majewski\\\/#breadcrumb\"},\"inLanguage\":\"pl-PL\",\"potentialAction\":[{\"@type\":\"ReadAction\",\"target\":[\"https:\\\/\\\/szkolydoktorskie.uwb.edu.pl\\\/nsip\\\/mgr-adam-dominik-majewski\\\/\"]}]},{\"@type\":\"ImageObject\",\"inLanguage\":\"pl-PL\",\"@id\":\"https:\\\/\\\/szkolydoktorskie.uwb.edu.pl\\\/nsip\\\/mgr-adam-dominik-majewski\\\/#primaryimage\",\"url\":\"https:\\\/\\\/szkolydoktorskie.uwb.edu.pl\\\/nsip\\\/wp-content\\\/uploads\\\/sites\\\/4\\\/2023\\\/09\\\/Adam-Majewski.jpg\",\"contentUrl\":\"https:\\\/\\\/szkolydoktorskie.uwb.edu.pl\\\/nsip\\\/wp-content\\\/uploads\\\/sites\\\/4\\\/2023\\\/09\\\/Adam-Majewski.jpg\",\"width\":1177,\"height\":1429},{\"@type\":\"BreadcrumbList\",\"@id\":\"https:\\\/\\\/szkolydoktorskie.uwb.edu.pl\\\/nsip\\\/mgr-adam-dominik-majewski\\\/#breadcrumb\",\"itemListElement\":[{\"@type\":\"ListItem\",\"position\":1,\"name\":\"Strona g\u0142\u00f3wna\",\"item\":\"https:\\\/\\\/szkolydoktorskie.uwb.edu.pl\\\/nsip\\\/\"},{\"@type\":\"ListItem\",\"position\":2,\"name\":\"mgr Adam Dominik Majewski\"}]},{\"@type\":\"WebSite\",\"@id\":\"https:\\\/\\\/szkolydoktorskie.uwb.edu.pl\\\/nsip\\\/#website\",\"url\":\"https:\\\/\\\/szkolydoktorskie.uwb.edu.pl\\\/nsip\\\/\",\"name\":\"Szko\u0142a Doktorska Nauk \u015acis\u0142ych i Przyrodniczych UwB\",\"description\":\"Szko\u0142a Doktorska Nauk \u015acis\u0142ych i Przyrodniczych UwB\",\"publisher\":{\"@id\":\"https:\\\/\\\/szkolydoktorskie.uwb.edu.pl\\\/nsip\\\/#organization\"},\"potentialAction\":[{\"@type\":\"SearchAction\",\"target\":{\"@type\":\"EntryPoint\",\"urlTemplate\":\"https:\\\/\\\/szkolydoktorskie.uwb.edu.pl\\\/nsip\\\/?s={search_term_string}\"},\"query-input\":{\"@type\":\"PropertyValueSpecification\",\"valueRequired\":true,\"valueName\":\"search_term_string\"}}],\"inLanguage\":\"pl-PL\"},{\"@type\":\"Organization\",\"@id\":\"https:\\\/\\\/szkolydoktorskie.uwb.edu.pl\\\/nsip\\\/#organization\",\"name\":\"Szko\u0142a Doktorska Nauk \u015acis\u0142ych i Przyrodniczych UwB\",\"url\":\"https:\\\/\\\/szkolydoktorskie.uwb.edu.pl\\\/nsip\\\/\",\"logo\":{\"@type\":\"ImageObject\",\"inLanguage\":\"pl-PL\",\"@id\":\"https:\\\/\\\/szkolydoktorskie.uwb.edu.pl\\\/nsip\\\/#\\\/schema\\\/logo\\\/image\\\/\",\"url\":\"https:\\\/\\\/szkolydoktorskie.uwb.edu.pl\\\/nsip\\\/wp-content\\\/uploads\\\/sites\\\/4\\\/2021\\\/04\\\/cropped-LOGO-NSIP.png\",\"contentUrl\":\"https:\\\/\\\/szkolydoktorskie.uwb.edu.pl\\\/nsip\\\/wp-content\\\/uploads\\\/sites\\\/4\\\/2021\\\/04\\\/cropped-LOGO-NSIP.png\",\"width\":705,\"height\":188,\"caption\":\"Szko\u0142a Doktorska Nauk \u015acis\u0142ych i Przyrodniczych UwB\"},\"image\":{\"@id\":\"https:\\\/\\\/szkolydoktorskie.uwb.edu.pl\\\/nsip\\\/#\\\/schema\\\/logo\\\/image\\\/\"}}]}<\/script>\n<!-- \/ Yoast SEO plugin. -->","yoast_head_json":{"title":"mgr Adam Dominik Majewski - Szko\u0142a Doktorska Nauk \u015acis\u0142ych i Przyrodniczych UwB","robots":{"index":"index","follow":"follow","max-snippet":"max-snippet:-1","max-image-preview":"max-image-preview:large","max-video-preview":"max-video-preview:-1"},"canonical":"https:\/\/szkolydoktorskie.uwb.edu.pl\/nsip\/mgr-adam-dominik-majewski\/","og_locale":"pl_PL","og_type":"article","og_title":"mgr Adam Dominik Majewski - Szko\u0142a Doktorska Nauk \u015acis\u0142ych i Przyrodniczych UwB","og_description":"E-mail a.majewski@uwb.edu.pl Kod ORCID 0000-0003-4437-0751 Temat rozprawy doktorskiej Badanie funkcjonalizacji wi\u0105za\u0144 C-H w steroidach. Utlenianie \u0142a\u0144cucha bocznegow cholesterolu w kierunku syntezy witaminy 25-OH-D3 i hormon\u00f3w steroidowych. Promotor dr hab. Agnieszka&hellip;","og_url":"https:\/\/szkolydoktorskie.uwb.edu.pl\/nsip\/mgr-adam-dominik-majewski\/","og_site_name":"Szko\u0142a Doktorska Nauk \u015acis\u0142ych i Przyrodniczych UwB","article_modified_time":"2023-09-06T09:03:12+00:00","og_image":[{"url":"https:\/\/szkolydoktorskie.uwb.edu.pl\/nsip\/wp-content\/uploads\/sites\/4\/2023\/09\/Adam-Majewski-843x1024.jpg","type":"","width":"","height":""}],"twitter_card":"summary_large_image","twitter_misc":{"Szacowany czas czytania":"2 minuty"},"schema":{"@context":"https:\/\/schema.org","@graph":[{"@type":"WebPage","@id":"https:\/\/szkolydoktorskie.uwb.edu.pl\/nsip\/mgr-adam-dominik-majewski\/","url":"https:\/\/szkolydoktorskie.uwb.edu.pl\/nsip\/mgr-adam-dominik-majewski\/","name":"mgr Adam Dominik Majewski - Szko\u0142a Doktorska Nauk \u015acis\u0142ych i Przyrodniczych UwB","isPartOf":{"@id":"https:\/\/szkolydoktorskie.uwb.edu.pl\/nsip\/#website"},"primaryImageOfPage":{"@id":"https:\/\/szkolydoktorskie.uwb.edu.pl\/nsip\/mgr-adam-dominik-majewski\/#primaryimage"},"image":{"@id":"https:\/\/szkolydoktorskie.uwb.edu.pl\/nsip\/mgr-adam-dominik-majewski\/#primaryimage"},"thumbnailUrl":"https:\/\/szkolydoktorskie.uwb.edu.pl\/nsip\/wp-content\/uploads\/sites\/4\/2023\/09\/Adam-Majewski-843x1024.jpg","datePublished":"2023-01-03T09:16:56+00:00","dateModified":"2023-09-06T09:03:12+00:00","breadcrumb":{"@id":"https:\/\/szkolydoktorskie.uwb.edu.pl\/nsip\/mgr-adam-dominik-majewski\/#breadcrumb"},"inLanguage":"pl-PL","potentialAction":[{"@type":"ReadAction","target":["https:\/\/szkolydoktorskie.uwb.edu.pl\/nsip\/mgr-adam-dominik-majewski\/"]}]},{"@type":"ImageObject","inLanguage":"pl-PL","@id":"https:\/\/szkolydoktorskie.uwb.edu.pl\/nsip\/mgr-adam-dominik-majewski\/#primaryimage","url":"https:\/\/szkolydoktorskie.uwb.edu.pl\/nsip\/wp-content\/uploads\/sites\/4\/2023\/09\/Adam-Majewski.jpg","contentUrl":"https:\/\/szkolydoktorskie.uwb.edu.pl\/nsip\/wp-content\/uploads\/sites\/4\/2023\/09\/Adam-Majewski.jpg","width":1177,"height":1429},{"@type":"BreadcrumbList","@id":"https:\/\/szkolydoktorskie.uwb.edu.pl\/nsip\/mgr-adam-dominik-majewski\/#breadcrumb","itemListElement":[{"@type":"ListItem","position":1,"name":"Strona g\u0142\u00f3wna","item":"https:\/\/szkolydoktorskie.uwb.edu.pl\/nsip\/"},{"@type":"ListItem","position":2,"name":"mgr Adam Dominik Majewski"}]},{"@type":"WebSite","@id":"https:\/\/szkolydoktorskie.uwb.edu.pl\/nsip\/#website","url":"https:\/\/szkolydoktorskie.uwb.edu.pl\/nsip\/","name":"Szko\u0142a Doktorska Nauk \u015acis\u0142ych i Przyrodniczych UwB","description":"Szko\u0142a Doktorska Nauk \u015acis\u0142ych i Przyrodniczych UwB","publisher":{"@id":"https:\/\/szkolydoktorskie.uwb.edu.pl\/nsip\/#organization"},"potentialAction":[{"@type":"SearchAction","target":{"@type":"EntryPoint","urlTemplate":"https:\/\/szkolydoktorskie.uwb.edu.pl\/nsip\/?s={search_term_string}"},"query-input":{"@type":"PropertyValueSpecification","valueRequired":true,"valueName":"search_term_string"}}],"inLanguage":"pl-PL"},{"@type":"Organization","@id":"https:\/\/szkolydoktorskie.uwb.edu.pl\/nsip\/#organization","name":"Szko\u0142a Doktorska Nauk \u015acis\u0142ych i Przyrodniczych UwB","url":"https:\/\/szkolydoktorskie.uwb.edu.pl\/nsip\/","logo":{"@type":"ImageObject","inLanguage":"pl-PL","@id":"https:\/\/szkolydoktorskie.uwb.edu.pl\/nsip\/#\/schema\/logo\/image\/","url":"https:\/\/szkolydoktorskie.uwb.edu.pl\/nsip\/wp-content\/uploads\/sites\/4\/2021\/04\/cropped-LOGO-NSIP.png","contentUrl":"https:\/\/szkolydoktorskie.uwb.edu.pl\/nsip\/wp-content\/uploads\/sites\/4\/2021\/04\/cropped-LOGO-NSIP.png","width":705,"height":188,"caption":"Szko\u0142a Doktorska Nauk \u015acis\u0142ych i Przyrodniczych UwB"},"image":{"@id":"https:\/\/szkolydoktorskie.uwb.edu.pl\/nsip\/#\/schema\/logo\/image\/"}}]}},"_links":{"self":[{"href":"https:\/\/szkolydoktorskie.uwb.edu.pl\/nsip\/wp-json\/wp\/v2\/pages\/1837","targetHints":{"allow":["GET"]}}],"collection":[{"href":"https:\/\/szkolydoktorskie.uwb.edu.pl\/nsip\/wp-json\/wp\/v2\/pages"}],"about":[{"href":"https:\/\/szkolydoktorskie.uwb.edu.pl\/nsip\/wp-json\/wp\/v2\/types\/page"}],"author":[{"embeddable":true,"href":"https:\/\/szkolydoktorskie.uwb.edu.pl\/nsip\/wp-json\/wp\/v2\/users\/14"}],"replies":[{"embeddable":true,"href":"https:\/\/szkolydoktorskie.uwb.edu.pl\/nsip\/wp-json\/wp\/v2\/comments?post=1837"}],"version-history":[{"count":9,"href":"https:\/\/szkolydoktorskie.uwb.edu.pl\/nsip\/wp-json\/wp\/v2\/pages\/1837\/revisions"}],"predecessor-version":[{"id":2641,"href":"https:\/\/szkolydoktorskie.uwb.edu.pl\/nsip\/wp-json\/wp\/v2\/pages\/1837\/revisions\/2641"}],"wp:attachment":[{"href":"https:\/\/szkolydoktorskie.uwb.edu.pl\/nsip\/wp-json\/wp\/v2\/media?parent=1837"}],"curies":[{"name":"wp","href":"https:\/\/api.w.org\/{rel}","templated":true}]}}