{"id":1654,"date":"2022-12-14T13:21:14","date_gmt":"2022-12-14T12:21:14","guid":{"rendered":"https:\/\/szkolydoktorskie.uwb.edu.pl\/nsip\/?page_id=1654"},"modified":"2024-06-20T14:29:51","modified_gmt":"2024-06-20T12:29:51","slug":"mgr-katarzyna-gdula","status":"publish","type":"page","link":"https:\/\/szkolydoktorskie.uwb.edu.pl\/nsip\/mgr-katarzyna-gdula\/","title":{"rendered":"mgr Katarzyna Anna Gdula"},"content":{"rendered":"\n<figure class=\"wp-block-image size-large is-resized\"><img loading=\"lazy\" decoding=\"async\" width=\"689\" height=\"1024\" src=\"https:\/\/szkolydoktorskie.uwb.edu.pl\/nsip\/wp-content\/uploads\/sites\/4\/2022\/12\/obraz-3-689x1024.png\" alt=\"\" class=\"wp-image-1655\" style=\"width:253px;height:376px\" srcset=\"https:\/\/szkolydoktorskie.uwb.edu.pl\/nsip\/wp-content\/uploads\/sites\/4\/2022\/12\/obraz-3-689x1024.png 689w, https:\/\/szkolydoktorskie.uwb.edu.pl\/nsip\/wp-content\/uploads\/sites\/4\/2022\/12\/obraz-3-202x300.png 202w, https:\/\/szkolydoktorskie.uwb.edu.pl\/nsip\/wp-content\/uploads\/sites\/4\/2022\/12\/obraz-3-768x1142.png 768w, https:\/\/szkolydoktorskie.uwb.edu.pl\/nsip\/wp-content\/uploads\/sites\/4\/2022\/12\/obraz-3-1033x1536.png 1033w, https:\/\/szkolydoktorskie.uwb.edu.pl\/nsip\/wp-content\/uploads\/sites\/4\/2022\/12\/obraz-3.png 1204w\" sizes=\"auto, (max-width: 689px) 100vw, 689px\" \/><\/figure>\n\n\n\n<figure class=\"wp-block-table\"><table><tbody><tr><td><strong>E-mail<\/strong><\/td><td>k.gdula@uwb.edu.pl<\/td><\/tr><tr><td><strong>Kod ORCID<\/strong><\/td><td>0000-0002-9528-1372<\/td><\/tr><tr><td><strong>Temat rozprawy doktorskiej<\/strong><\/td><td>Koordynacyjne kompleksy fulerenowe z koordynacj\u0105 typu \u03b7<sup>2<\/sup> i \u03b7<sup>5<\/sup>.<\/td><\/tr><tr><td><strong>Promotor<\/strong><\/td><td>prof. dr hab. Krzysztof Winkler<\/td><\/tr><tr><td><strong>Promotor pomocniczy<\/strong><\/td><td>dr Diana M. Bobrowska<\/td><\/tr><tr><td><strong>Wydzia\u0142 \/Katedra\/Zak\u0142ad<\/strong><\/td><td>Wydzia\u0142 Chemii\/Katedra Chemii Fizycznej\/Zak\u0142ad Chemii Materia\u0142\u00f3w<\/td><\/tr><tr><td><strong>Dzia\u0142alno\u015b\u0107 naukowo-badawcza<\/strong><\/td><td>&nbsp;<\/td><\/tr><tr><td><strong>A.&nbsp;&nbsp;&nbsp;&nbsp;Publikacje naukowe<\/strong><\/td><td>1. Bobrowska, D.M., <strong>Gdula, K.<\/strong>, Breczko, J. et al. <em>Poly(p-phenylene vinylene) incorporated into carbon nanostructures<\/em><em>, <\/em>Journal of Nanoparticle Research 24, 222 (2022), IF=2.533, 70 punkt\u00f3w MEiN<\/td><\/tr><tr><td><strong>A1. Artyku\u0142y naukowe w czasopismach<\/strong><\/td><td>&nbsp;<\/td><\/tr><tr><td><strong>A2. Monografie naukowe\/rozdzia\u0142y w monografiach<\/strong><\/td><td>&nbsp;<\/td><\/tr><tr><td><strong>B. Konferencje naukowe<\/strong><\/td><td>19.10.2022 r. \u201eZastosowania statystyki i data mining w badaniach naukowych\u201d konferencja online &#8211; udzia\u0142 bierny <br>18-19.05.2023 r. \u201cX \u0141\u00f3dzkie Sympozjum Doktorant\u00f3w Chemii\u201d \u2013 poster<br>16-17.05.2024 r. \u2013 \u201cPANIC PhoBiA Annual Nanophotonics International Conference 2024\u201d \u2013 prezentacja ustna <br>6-7.06.2024 r. \u201eXVII Kopernika\u0144skie Seminarium Doktoranckie\u201d \u2013 wyst\u0105pienie ustne<\/td><\/tr><tr><td><strong>C. Granty<\/strong><\/td><td>\u00a0Nowe kierunki w tworzeniu aktywnych polimer\u00f3w redoks zbudowanych z fuleren\u00f3w i r\u00f3\u017cnych komponent\u00f3w zawieraj\u0105cych metale przej\u015bciowe (2021\/43\/B\/ST4\/03035), prof. dr hab. Krzysztof Winkler &#8211; kwiecie\u0144 2024 &#8211; kwiecie\u0144 2025 &#8211; doktorant<\/td><\/tr><tr><td><strong>D. Zrealizowane sta\u017ce<\/strong><\/td><td>Sta\u017c w Instytucie Katalizy i Fizykochemii Powierzchni im. Jerzego Habera Polskiej Akademii Nauk, Krak\u00f3w w grupie badawczej Nanostruktury Powierzchniowe, kierowanej przez prof. dr hab. Nik\u0119 Spiridis. 06.05-31.07.2024 r.<\/td><\/tr><tr><td><strong>E. Inne aktywno\u015bci\/osi\u0105gni\u0119cia naukowe<\/strong><\/td><td>09-10.12.2022 r. Academic Writing Made Easy &#8211; Intense Weekend Course <br>02.03.2023 r. Webinar \u201eElektrochemia w s\u0142u\u017cbie syntezy\u201d <br>21.11.2023 r. Spotkanie \u201ePortfolio Pro-Environment Polska Sp. z o.o. \u2013 prezentacja aparatury PerkinElmer, Revvity, DynamicBiosensors i Akoya Biosciences\u201d <br>10.01.2024 r. Szkolenie \u201eZaawansowane pomiary elipsometryczne oraz analiza i modelowanie danych pomiarowych\u201d <br>16.04.2024 r. Warsztaty Analityczne ze Spektrometrii Atomowej<\/td><\/tr><tr><td><strong>Inna aktywno\u015b\u0107, np. organizacyjna<\/strong><\/td><td>27.10.2022 r. II Og\u00f3lnopolska Konferencja \u201e\u015arodowisko \u2013 Nauka \u2013 Odpowiedzialno\u015b\u0107\u201d, Wydzia\u0142 Chemii UwB &#8211; komitet organizacyjny <br>17.11.2022 r. Sympozjum \u201eZwi\u0105zki biologiczne czynne: aktywno\u015b\u0107 struktura, synteza\u201d &#8211; komitet organizacyjny <br>22.03.2023 r. Przygotowanie i prowadzenie warsztat\u00f3w dla uczni\u00f3w szk\u00f3\u0142 podstawowych w ramach Klubu M\u0142odego Odkrywcy UwB <br>23.03.2023 r. Przygotowanie i prowadzenie warsztat\u00f3w dla przedszkolak\u00f3w w ramach \u201eSpotka\u0144 z nauk\u0105\u201d <br>14.05.2023 r. Organizacja Podlaskiego Festiwalu Nauki i Sztuki oraz koordynacja dzia\u0142a\u0144 na Stadionie Miejskim w ramach Rodzinnego Pikniku Naukowego <br>27.05.2023 r. Koordynacja stoiska UwB na Pikniku Naukowym w Warszawie\u00a0\u00a0\u00a0 <br>26.01.2024 r. Przygotowanie i prowadzenie warsztat\u00f3w &#8222;Chemia ognia&#8221; dla dzieci i m\u0142odzie\u017cy w ramach akcji Bezpieczne Ferie we wsp\u00f3\u0142pracy z OSP Wasilk\u00f3w <br>16-17.03.2024 r. Przygotowanie i prowadzenie warsztat\u00f3w \u201eWitajcie w naszej bajce\u201d dla dzieci w ramach Spotka\u0144 z nauk\u0105. <br>13-14.06.2024 r. Og\u00f3lnopolska Konferencja \u201eKonferencja (nie)Naukowa\u201d, Wydzia\u0142 Chemii UwB &#8211; komitet organizacyjny \u00a0<\/td><\/tr><\/tbody><\/table><\/figure>\n","protected":false},"excerpt":{"rendered":"<p>E-mail k.gdula@uwb.edu.pl Kod ORCID 0000-0002-9528-1372 Temat rozprawy doktorskiej Koordynacyjne kompleksy fulerenowe z koordynacj\u0105 typu \u03b72 i \u03b75. Promotor prof. dr hab. Krzysztof Winkler Promotor pomocniczy dr Diana M. Bobrowska Wydzia\u0142&hellip;<\/p>\n","protected":false},"author":14,"featured_media":0,"parent":0,"menu_order":0,"comment_status":"closed","ping_status":"closed","template":"","meta":{"footnotes":""},"class_list":["post-1654","page","type-page","status-publish","hentry"],"yoast_head":"<!-- This site is optimized with the Yoast SEO plugin v27.3 - https:\/\/yoast.com\/product\/yoast-seo-wordpress\/ -->\n<title>mgr Katarzyna Anna Gdula - Szko\u0142a Doktorska Nauk \u015acis\u0142ych i Przyrodniczych UwB<\/title>\n<meta name=\"robots\" content=\"index, follow, max-snippet:-1, max-image-preview:large, max-video-preview:-1\" \/>\n<link rel=\"canonical\" href=\"https:\/\/szkolydoktorskie.uwb.edu.pl\/nsip\/mgr-katarzyna-gdula\/\" \/>\n<meta property=\"og:locale\" content=\"pl_PL\" \/>\n<meta property=\"og:type\" content=\"article\" \/>\n<meta property=\"og:title\" content=\"mgr Katarzyna Anna Gdula - Szko\u0142a Doktorska Nauk \u015acis\u0142ych i Przyrodniczych UwB\" \/>\n<meta property=\"og:description\" content=\"E-mail k.gdula@uwb.edu.pl Kod ORCID 0000-0002-9528-1372 Temat rozprawy doktorskiej Koordynacyjne kompleksy fulerenowe z koordynacj\u0105 typu \u03b72 i \u03b75. Promotor prof. dr hab. Krzysztof Winkler Promotor pomocniczy dr Diana M. Bobrowska Wydzia\u0142&hellip;\" \/>\n<meta property=\"og:url\" content=\"https:\/\/szkolydoktorskie.uwb.edu.pl\/nsip\/mgr-katarzyna-gdula\/\" \/>\n<meta property=\"og:site_name\" content=\"Szko\u0142a Doktorska Nauk \u015acis\u0142ych i Przyrodniczych UwB\" \/>\n<meta property=\"article:modified_time\" content=\"2024-06-20T12:29:51+00:00\" \/>\n<meta property=\"og:image\" content=\"https:\/\/szkolydoktorskie.uwb.edu.pl\/nsip\/wp-content\/uploads\/sites\/4\/2022\/12\/obraz-3-689x1024.png\" \/>\n<meta name=\"twitter:card\" content=\"summary_large_image\" \/>\n<meta name=\"twitter:label1\" content=\"Szacowany czas czytania\" \/>\n\t<meta name=\"twitter:data1\" content=\"3 minuty\" \/>\n<script type=\"application\/ld+json\" class=\"yoast-schema-graph\">{\"@context\":\"https:\\\/\\\/schema.org\",\"@graph\":[{\"@type\":\"WebPage\",\"@id\":\"https:\\\/\\\/szkolydoktorskie.uwb.edu.pl\\\/nsip\\\/mgr-katarzyna-gdula\\\/\",\"url\":\"https:\\\/\\\/szkolydoktorskie.uwb.edu.pl\\\/nsip\\\/mgr-katarzyna-gdula\\\/\",\"name\":\"mgr Katarzyna Anna Gdula - Szko\u0142a Doktorska Nauk \u015acis\u0142ych i Przyrodniczych UwB\",\"isPartOf\":{\"@id\":\"https:\\\/\\\/szkolydoktorskie.uwb.edu.pl\\\/nsip\\\/#website\"},\"primaryImageOfPage\":{\"@id\":\"https:\\\/\\\/szkolydoktorskie.uwb.edu.pl\\\/nsip\\\/mgr-katarzyna-gdula\\\/#primaryimage\"},\"image\":{\"@id\":\"https:\\\/\\\/szkolydoktorskie.uwb.edu.pl\\\/nsip\\\/mgr-katarzyna-gdula\\\/#primaryimage\"},\"thumbnailUrl\":\"https:\\\/\\\/szkolydoktorskie.uwb.edu.pl\\\/nsip\\\/wp-content\\\/uploads\\\/sites\\\/4\\\/2022\\\/12\\\/obraz-3-689x1024.png\",\"datePublished\":\"2022-12-14T12:21:14+00:00\",\"dateModified\":\"2024-06-20T12:29:51+00:00\",\"breadcrumb\":{\"@id\":\"https:\\\/\\\/szkolydoktorskie.uwb.edu.pl\\\/nsip\\\/mgr-katarzyna-gdula\\\/#breadcrumb\"},\"inLanguage\":\"pl-PL\",\"potentialAction\":[{\"@type\":\"ReadAction\",\"target\":[\"https:\\\/\\\/szkolydoktorskie.uwb.edu.pl\\\/nsip\\\/mgr-katarzyna-gdula\\\/\"]}]},{\"@type\":\"ImageObject\",\"inLanguage\":\"pl-PL\",\"@id\":\"https:\\\/\\\/szkolydoktorskie.uwb.edu.pl\\\/nsip\\\/mgr-katarzyna-gdula\\\/#primaryimage\",\"url\":\"https:\\\/\\\/szkolydoktorskie.uwb.edu.pl\\\/nsip\\\/wp-content\\\/uploads\\\/sites\\\/4\\\/2022\\\/12\\\/obraz-3.png\",\"contentUrl\":\"https:\\\/\\\/szkolydoktorskie.uwb.edu.pl\\\/nsip\\\/wp-content\\\/uploads\\\/sites\\\/4\\\/2022\\\/12\\\/obraz-3.png\",\"width\":1204,\"height\":1790},{\"@type\":\"BreadcrumbList\",\"@id\":\"https:\\\/\\\/szkolydoktorskie.uwb.edu.pl\\\/nsip\\\/mgr-katarzyna-gdula\\\/#breadcrumb\",\"itemListElement\":[{\"@type\":\"ListItem\",\"position\":1,\"name\":\"Strona g\u0142\u00f3wna\",\"item\":\"https:\\\/\\\/szkolydoktorskie.uwb.edu.pl\\\/nsip\\\/\"},{\"@type\":\"ListItem\",\"position\":2,\"name\":\"mgr Katarzyna Anna Gdula\"}]},{\"@type\":\"WebSite\",\"@id\":\"https:\\\/\\\/szkolydoktorskie.uwb.edu.pl\\\/nsip\\\/#website\",\"url\":\"https:\\\/\\\/szkolydoktorskie.uwb.edu.pl\\\/nsip\\\/\",\"name\":\"Szko\u0142a Doktorska Nauk \u015acis\u0142ych i Przyrodniczych UwB\",\"description\":\"Szko\u0142a Doktorska Nauk \u015acis\u0142ych i Przyrodniczych UwB\",\"publisher\":{\"@id\":\"https:\\\/\\\/szkolydoktorskie.uwb.edu.pl\\\/nsip\\\/#organization\"},\"potentialAction\":[{\"@type\":\"SearchAction\",\"target\":{\"@type\":\"EntryPoint\",\"urlTemplate\":\"https:\\\/\\\/szkolydoktorskie.uwb.edu.pl\\\/nsip\\\/?s={search_term_string}\"},\"query-input\":{\"@type\":\"PropertyValueSpecification\",\"valueRequired\":true,\"valueName\":\"search_term_string\"}}],\"inLanguage\":\"pl-PL\"},{\"@type\":\"Organization\",\"@id\":\"https:\\\/\\\/szkolydoktorskie.uwb.edu.pl\\\/nsip\\\/#organization\",\"name\":\"Szko\u0142a Doktorska Nauk \u015acis\u0142ych i Przyrodniczych UwB\",\"url\":\"https:\\\/\\\/szkolydoktorskie.uwb.edu.pl\\\/nsip\\\/\",\"logo\":{\"@type\":\"ImageObject\",\"inLanguage\":\"pl-PL\",\"@id\":\"https:\\\/\\\/szkolydoktorskie.uwb.edu.pl\\\/nsip\\\/#\\\/schema\\\/logo\\\/image\\\/\",\"url\":\"https:\\\/\\\/szkolydoktorskie.uwb.edu.pl\\\/nsip\\\/wp-content\\\/uploads\\\/sites\\\/4\\\/2021\\\/04\\\/cropped-LOGO-NSIP.png\",\"contentUrl\":\"https:\\\/\\\/szkolydoktorskie.uwb.edu.pl\\\/nsip\\\/wp-content\\\/uploads\\\/sites\\\/4\\\/2021\\\/04\\\/cropped-LOGO-NSIP.png\",\"width\":705,\"height\":188,\"caption\":\"Szko\u0142a Doktorska Nauk \u015acis\u0142ych i Przyrodniczych UwB\"},\"image\":{\"@id\":\"https:\\\/\\\/szkolydoktorskie.uwb.edu.pl\\\/nsip\\\/#\\\/schema\\\/logo\\\/image\\\/\"}}]}<\/script>\n<!-- \/ Yoast SEO plugin. -->","yoast_head_json":{"title":"mgr Katarzyna Anna Gdula - Szko\u0142a Doktorska Nauk \u015acis\u0142ych i Przyrodniczych UwB","robots":{"index":"index","follow":"follow","max-snippet":"max-snippet:-1","max-image-preview":"max-image-preview:large","max-video-preview":"max-video-preview:-1"},"canonical":"https:\/\/szkolydoktorskie.uwb.edu.pl\/nsip\/mgr-katarzyna-gdula\/","og_locale":"pl_PL","og_type":"article","og_title":"mgr Katarzyna Anna Gdula - Szko\u0142a Doktorska Nauk \u015acis\u0142ych i Przyrodniczych UwB","og_description":"E-mail k.gdula@uwb.edu.pl Kod ORCID 0000-0002-9528-1372 Temat rozprawy doktorskiej Koordynacyjne kompleksy fulerenowe z koordynacj\u0105 typu \u03b72 i \u03b75. Promotor prof. dr hab. Krzysztof Winkler Promotor pomocniczy dr Diana M. Bobrowska Wydzia\u0142&hellip;","og_url":"https:\/\/szkolydoktorskie.uwb.edu.pl\/nsip\/mgr-katarzyna-gdula\/","og_site_name":"Szko\u0142a Doktorska Nauk \u015acis\u0142ych i Przyrodniczych UwB","article_modified_time":"2024-06-20T12:29:51+00:00","og_image":[{"url":"https:\/\/szkolydoktorskie.uwb.edu.pl\/nsip\/wp-content\/uploads\/sites\/4\/2022\/12\/obraz-3-689x1024.png","type":"","width":"","height":""}],"twitter_card":"summary_large_image","twitter_misc":{"Szacowany czas czytania":"3 minuty"},"schema":{"@context":"https:\/\/schema.org","@graph":[{"@type":"WebPage","@id":"https:\/\/szkolydoktorskie.uwb.edu.pl\/nsip\/mgr-katarzyna-gdula\/","url":"https:\/\/szkolydoktorskie.uwb.edu.pl\/nsip\/mgr-katarzyna-gdula\/","name":"mgr Katarzyna Anna Gdula - Szko\u0142a Doktorska Nauk \u015acis\u0142ych i Przyrodniczych UwB","isPartOf":{"@id":"https:\/\/szkolydoktorskie.uwb.edu.pl\/nsip\/#website"},"primaryImageOfPage":{"@id":"https:\/\/szkolydoktorskie.uwb.edu.pl\/nsip\/mgr-katarzyna-gdula\/#primaryimage"},"image":{"@id":"https:\/\/szkolydoktorskie.uwb.edu.pl\/nsip\/mgr-katarzyna-gdula\/#primaryimage"},"thumbnailUrl":"https:\/\/szkolydoktorskie.uwb.edu.pl\/nsip\/wp-content\/uploads\/sites\/4\/2022\/12\/obraz-3-689x1024.png","datePublished":"2022-12-14T12:21:14+00:00","dateModified":"2024-06-20T12:29:51+00:00","breadcrumb":{"@id":"https:\/\/szkolydoktorskie.uwb.edu.pl\/nsip\/mgr-katarzyna-gdula\/#breadcrumb"},"inLanguage":"pl-PL","potentialAction":[{"@type":"ReadAction","target":["https:\/\/szkolydoktorskie.uwb.edu.pl\/nsip\/mgr-katarzyna-gdula\/"]}]},{"@type":"ImageObject","inLanguage":"pl-PL","@id":"https:\/\/szkolydoktorskie.uwb.edu.pl\/nsip\/mgr-katarzyna-gdula\/#primaryimage","url":"https:\/\/szkolydoktorskie.uwb.edu.pl\/nsip\/wp-content\/uploads\/sites\/4\/2022\/12\/obraz-3.png","contentUrl":"https:\/\/szkolydoktorskie.uwb.edu.pl\/nsip\/wp-content\/uploads\/sites\/4\/2022\/12\/obraz-3.png","width":1204,"height":1790},{"@type":"BreadcrumbList","@id":"https:\/\/szkolydoktorskie.uwb.edu.pl\/nsip\/mgr-katarzyna-gdula\/#breadcrumb","itemListElement":[{"@type":"ListItem","position":1,"name":"Strona g\u0142\u00f3wna","item":"https:\/\/szkolydoktorskie.uwb.edu.pl\/nsip\/"},{"@type":"ListItem","position":2,"name":"mgr Katarzyna Anna Gdula"}]},{"@type":"WebSite","@id":"https:\/\/szkolydoktorskie.uwb.edu.pl\/nsip\/#website","url":"https:\/\/szkolydoktorskie.uwb.edu.pl\/nsip\/","name":"Szko\u0142a Doktorska Nauk \u015acis\u0142ych i Przyrodniczych UwB","description":"Szko\u0142a Doktorska Nauk \u015acis\u0142ych i Przyrodniczych UwB","publisher":{"@id":"https:\/\/szkolydoktorskie.uwb.edu.pl\/nsip\/#organization"},"potentialAction":[{"@type":"SearchAction","target":{"@type":"EntryPoint","urlTemplate":"https:\/\/szkolydoktorskie.uwb.edu.pl\/nsip\/?s={search_term_string}"},"query-input":{"@type":"PropertyValueSpecification","valueRequired":true,"valueName":"search_term_string"}}],"inLanguage":"pl-PL"},{"@type":"Organization","@id":"https:\/\/szkolydoktorskie.uwb.edu.pl\/nsip\/#organization","name":"Szko\u0142a Doktorska Nauk \u015acis\u0142ych i Przyrodniczych UwB","url":"https:\/\/szkolydoktorskie.uwb.edu.pl\/nsip\/","logo":{"@type":"ImageObject","inLanguage":"pl-PL","@id":"https:\/\/szkolydoktorskie.uwb.edu.pl\/nsip\/#\/schema\/logo\/image\/","url":"https:\/\/szkolydoktorskie.uwb.edu.pl\/nsip\/wp-content\/uploads\/sites\/4\/2021\/04\/cropped-LOGO-NSIP.png","contentUrl":"https:\/\/szkolydoktorskie.uwb.edu.pl\/nsip\/wp-content\/uploads\/sites\/4\/2021\/04\/cropped-LOGO-NSIP.png","width":705,"height":188,"caption":"Szko\u0142a Doktorska Nauk \u015acis\u0142ych i Przyrodniczych UwB"},"image":{"@id":"https:\/\/szkolydoktorskie.uwb.edu.pl\/nsip\/#\/schema\/logo\/image\/"}}]}},"_links":{"self":[{"href":"https:\/\/szkolydoktorskie.uwb.edu.pl\/nsip\/wp-json\/wp\/v2\/pages\/1654","targetHints":{"allow":["GET"]}}],"collection":[{"href":"https:\/\/szkolydoktorskie.uwb.edu.pl\/nsip\/wp-json\/wp\/v2\/pages"}],"about":[{"href":"https:\/\/szkolydoktorskie.uwb.edu.pl\/nsip\/wp-json\/wp\/v2\/types\/page"}],"author":[{"embeddable":true,"href":"https:\/\/szkolydoktorskie.uwb.edu.pl\/nsip\/wp-json\/wp\/v2\/users\/14"}],"replies":[{"embeddable":true,"href":"https:\/\/szkolydoktorskie.uwb.edu.pl\/nsip\/wp-json\/wp\/v2\/comments?post=1654"}],"version-history":[{"count":7,"href":"https:\/\/szkolydoktorskie.uwb.edu.pl\/nsip\/wp-json\/wp\/v2\/pages\/1654\/revisions"}],"predecessor-version":[{"id":3161,"href":"https:\/\/szkolydoktorskie.uwb.edu.pl\/nsip\/wp-json\/wp\/v2\/pages\/1654\/revisions\/3161"}],"wp:attachment":[{"href":"https:\/\/szkolydoktorskie.uwb.edu.pl\/nsip\/wp-json\/wp\/v2\/media?parent=1654"}],"curies":[{"name":"wp","href":"https:\/\/api.w.org\/{rel}","templated":true}]}}