{"id":9,"date":"2021-04-16T00:53:31","date_gmt":"2021-04-15T22:53:31","guid":{"rendered":"https:\/\/szkolydoktorskie.uwb.edu.pl\/ns\/?page_id=9"},"modified":"2023-11-17T14:06:23","modified_gmt":"2023-11-17T13:06:23","slug":"rada-naukowa","status":"publish","type":"page","link":"https:\/\/szkolydoktorskie.uwb.edu.pl\/nh\/rada-naukowa\/","title":{"rendered":"Rada Naukowa"},"content":{"rendered":"\n<p><strong>Rada Szko\u0142y Doktorskiej Nauk Humanistycznych 1.09.2020-31.08.2024<\/strong><\/p>\n\n\n\n<p><strong>przewodnicz\u0105cy:<\/strong><\/p>\n\n\n\n<ul class=\"wp-block-list\">\n<li>dr hab. Anna Nosek, prof. UwB &#8211; (01.03.2022-31.08.2024)<\/li>\n\n\n\n<li><em>prof.&nbsp; dr&nbsp; hab.&nbsp; Urszula&nbsp; Sok\u00f3lska&nbsp; &#8211; (01.10.2019-28.02.2022<\/em>)<\/li>\n<\/ul>\n\n\n\n<p><strong>cz\u0142onkowie:<\/strong><\/p>\n\n\n\n<ul class=\"wp-block-list\">\n<li>prof.\u00a0 dr\u00a0 hab.\u00a0 Wioletta\u00a0 Ma\u0142gorzata\u00a0 Kowalska\u00a0<\/li>\n\n\n\n<li>dr\u00a0 hab.\u00a0 Krystyna\u00a0 Barbara\u00a0 Szel\u0105gowska,\u00a0 prof.\u00a0 UwB<\/li>\n\n\n\n<li>dr hab. Natalyia Malyutina, prof. UwB (od 15.11.2023)<\/li>\n\n\n\n<li>prof. Joanna Cholewa, prof. UwB (od 01.03.2022)<\/li>\n\n\n\n<li><em>dr\u00a0 hab.\u00a0 El\u017cbieta\u00a0 Kono\u0144czuk,\u00a0 prof.\u00a0 UwB (1.09.2020-14.11.2023)<\/em><\/li>\n\n\n\n<li><em>prof.\u00a0 dr\u00a0 hab.\u00a0 Irena\u00a0 Szczepankowska (1.09.2020-15.01.2022)<\/em><\/li>\n<\/ul>\n\n\n\n<hr class=\"wp-block-separator has-css-opacity\" \/>\n\n\n\n<p><strong>Rada Szko\u0142y Doktorskiej Nauk Humanistycznych 2019\/2020<\/strong><\/p>\n\n\n\n<p><strong>przewodnicz\u0105cy:<\/strong><\/p>\n\n\n\n<ul class=\"wp-block-list\">\n<li>prof.&nbsp; dr&nbsp; hab.&nbsp; Urszula&nbsp; Sok\u00f3lska&nbsp;<\/li>\n<\/ul>\n\n\n\n<p><strong>cz\u0142onkowie:<\/strong><\/p>\n\n\n\n<ul class=\"wp-block-list\">\n<li>prof. dr hab. Leonarda Dacewicz<\/li>\n\n\n\n<li>prof. dr hab. Dariusz Kulesza<\/li>\n\n\n\n<li>prof. dr hab. Halina \u015awi\u0119czkowska<\/li>\n\n\n\n<li>dr hab. Krystyna Szel\u0105gowska, prof. UwB<\/li>\n\n\n\n<li><\/li>\n<\/ul>\n\n\n\n<p><strong>Kompetencje&nbsp;Rady&nbsp;Naukowej&nbsp;SDNH:<\/strong><br><\/p>\n\n\n\n<ul class=\"wp-block-list\">\n<li>Opiniowanie&nbsp;projektu&nbsp;regulaminu&nbsp;szko\u0142y&nbsp;doktorskiej<\/li>\n\n\n\n<li>Opiniowanie&nbsp;projektu&nbsp;zasad&nbsp;rekrutacji&nbsp;do&nbsp;szko\u0142y&nbsp;doktorskiej<\/li>\n\n\n\n<li>Opiniowanie projektu programu kszta\u0142cenia, zaopiniowanego przez rady jednostek, kt\u00f3re reprezentuj\u0105 dyscypliny wchodz\u0105ce w sk\u0142ad danej szko\u0142y<\/li>\n\n\n\n<li>Opiniowanie&nbsp;kandydat\u00f3w&nbsp;do&nbsp;komisji&nbsp;przeprowadzaj\u0105cych&nbsp;oceny&nbsp;\u015br\u00f3dokresowe<\/li>\n\n\n\n<li>Opiniowanie&nbsp;kandydat\u00f3w&nbsp;do&nbsp;komisji&nbsp;odwo\u0142awczej&nbsp;ds.&nbsp;ocen&nbsp;\u015br\u00f3dokresowych<\/li>\n\n\n\n<li>Opiniowanie wniosk\u00f3w doktorant\u00f3w o wyznaczenie promotora, promotor\u00f3w albo promotora i promotora pomocniczego oraz wniosk\u00f3w w zakresie ich zmian<\/li>\n\n\n\n<li>Opiniowanie&nbsp;sprawozda\u0144&nbsp;rocznych&nbsp;doktorant\u00f3w<\/li>\n<\/ul>\n\n\n\n<p><\/p>\n","protected":false},"excerpt":{"rendered":"<p>Rada Szko\u0142y Doktorskiej Nauk Humanistycznych 1.09.2020-31.08.2024 przewodnicz\u0105cy: cz\u0142onkowie: Rada Szko\u0142y Doktorskiej Nauk Humanistycznych 2019\/2020 przewodnicz\u0105cy: cz\u0142onkowie: Kompetencje&nbsp;Rady&nbsp;Naukowej&nbsp;SDNH:<\/p>\n","protected":false},"author":1,"featured_media":0,"parent":0,"menu_order":0,"comment_status":"closed","ping_status":"closed","template":"","meta":{"footnotes":""},"class_list":["post-9","page","type-page","status-publish","hentry"],"yoast_head":"<!-- This site is optimized with the Yoast SEO plugin v27.4 - https:\/\/yoast.com\/product\/yoast-seo-wordpress\/ -->\n<title>Rada Naukowa - Szko\u0142a Doktorska Nauk Humanistycznych UwB<\/title>\n<meta name=\"robots\" content=\"index, follow, max-snippet:-1, max-image-preview:large, max-video-preview:-1\" \/>\n<link rel=\"canonical\" href=\"https:\/\/szkolydoktorskie.uwb.edu.pl\/nh\/rada-naukowa\/\" \/>\n<meta property=\"og:locale\" content=\"pl_PL\" \/>\n<meta property=\"og:type\" content=\"article\" \/>\n<meta property=\"og:title\" content=\"Rada Naukowa - Szko\u0142a Doktorska Nauk Humanistycznych UwB\" \/>\n<meta property=\"og:description\" content=\"Rada Szko\u0142y Doktorskiej Nauk Humanistycznych 1.09.2020-31.08.2024 przewodnicz\u0105cy: cz\u0142onkowie: Rada Szko\u0142y Doktorskiej Nauk Humanistycznych 2019\/2020 przewodnicz\u0105cy: cz\u0142onkowie: Kompetencje&nbsp;Rady&nbsp;Naukowej&nbsp;SDNH:\" \/>\n<meta property=\"og:url\" content=\"https:\/\/szkolydoktorskie.uwb.edu.pl\/nh\/rada-naukowa\/\" \/>\n<meta property=\"og:site_name\" content=\"Szko\u0142a Doktorska Nauk Humanistycznych UwB\" \/>\n<meta property=\"article:modified_time\" content=\"2023-11-17T13:06:23+00:00\" \/>\n<meta name=\"twitter:card\" content=\"summary_large_image\" \/>\n<meta name=\"twitter:label1\" content=\"Szacowany czas czytania\" \/>\n\t<meta name=\"twitter:data1\" content=\"1 minuta\" \/>\n<script type=\"application\/ld+json\" class=\"yoast-schema-graph\">{\"@context\":\"https:\\\/\\\/schema.org\",\"@graph\":[{\"@type\":\"WebPage\",\"@id\":\"https:\\\/\\\/szkolydoktorskie.uwb.edu.pl\\\/nh\\\/rada-naukowa\\\/\",\"url\":\"https:\\\/\\\/szkolydoktorskie.uwb.edu.pl\\\/nh\\\/rada-naukowa\\\/\",\"name\":\"Rada Naukowa - Szko\u0142a Doktorska Nauk Humanistycznych UwB\",\"isPartOf\":{\"@id\":\"https:\\\/\\\/szkolydoktorskie.uwb.edu.pl\\\/nh\\\/#website\"},\"datePublished\":\"2021-04-15T22:53:31+00:00\",\"dateModified\":\"2023-11-17T13:06:23+00:00\",\"breadcrumb\":{\"@id\":\"https:\\\/\\\/szkolydoktorskie.uwb.edu.pl\\\/nh\\\/rada-naukowa\\\/#breadcrumb\"},\"inLanguage\":\"pl-PL\",\"potentialAction\":[{\"@type\":\"ReadAction\",\"target\":[\"https:\\\/\\\/szkolydoktorskie.uwb.edu.pl\\\/nh\\\/rada-naukowa\\\/\"]}]},{\"@type\":\"BreadcrumbList\",\"@id\":\"https:\\\/\\\/szkolydoktorskie.uwb.edu.pl\\\/nh\\\/rada-naukowa\\\/#breadcrumb\",\"itemListElement\":[{\"@type\":\"ListItem\",\"position\":1,\"name\":\"Strona g\u0142\u00f3wna\",\"item\":\"https:\\\/\\\/szkolydoktorskie.uwb.edu.pl\\\/nh\\\/\"},{\"@type\":\"ListItem\",\"position\":2,\"name\":\"Rada Naukowa\"}]},{\"@type\":\"WebSite\",\"@id\":\"https:\\\/\\\/szkolydoktorskie.uwb.edu.pl\\\/nh\\\/#website\",\"url\":\"https:\\\/\\\/szkolydoktorskie.uwb.edu.pl\\\/nh\\\/\",\"name\":\"Szko\u0142a Doktorska Nauk Humanistycznych UwB\",\"description\":\"Szko\u0142a Doktorska Nauk Humanistycznych UwB\",\"publisher\":{\"@id\":\"https:\\\/\\\/szkolydoktorskie.uwb.edu.pl\\\/nh\\\/#organization\"},\"potentialAction\":[{\"@type\":\"SearchAction\",\"target\":{\"@type\":\"EntryPoint\",\"urlTemplate\":\"https:\\\/\\\/szkolydoktorskie.uwb.edu.pl\\\/nh\\\/?s={search_term_string}\"},\"query-input\":{\"@type\":\"PropertyValueSpecification\",\"valueRequired\":true,\"valueName\":\"search_term_string\"}}],\"inLanguage\":\"pl-PL\"},{\"@type\":\"Organization\",\"@id\":\"https:\\\/\\\/szkolydoktorskie.uwb.edu.pl\\\/nh\\\/#organization\",\"name\":\"Szko\u0142a Doktorska Nauk Humanistycznych UwB\",\"url\":\"https:\\\/\\\/szkolydoktorskie.uwb.edu.pl\\\/nh\\\/\",\"logo\":{\"@type\":\"ImageObject\",\"inLanguage\":\"pl-PL\",\"@id\":\"https:\\\/\\\/szkolydoktorskie.uwb.edu.pl\\\/nh\\\/#\\\/schema\\\/logo\\\/image\\\/\",\"url\":\"https:\\\/\\\/szkolydoktorskie.uwb.edu.pl\\\/nh\\\/wp-content\\\/uploads\\\/sites\\\/3\\\/2021\\\/04\\\/cropped-SH-LOGO.png\",\"contentUrl\":\"https:\\\/\\\/szkolydoktorskie.uwb.edu.pl\\\/nh\\\/wp-content\\\/uploads\\\/sites\\\/3\\\/2021\\\/04\\\/cropped-SH-LOGO.png\",\"width\":705,\"height\":188,\"caption\":\"Szko\u0142a Doktorska Nauk Humanistycznych UwB\"},\"image\":{\"@id\":\"https:\\\/\\\/szkolydoktorskie.uwb.edu.pl\\\/nh\\\/#\\\/schema\\\/logo\\\/image\\\/\"}}]}<\/script>\n<!-- \/ Yoast SEO plugin. -->","yoast_head_json":{"title":"Rada Naukowa - Szko\u0142a Doktorska Nauk Humanistycznych UwB","robots":{"index":"index","follow":"follow","max-snippet":"max-snippet:-1","max-image-preview":"max-image-preview:large","max-video-preview":"max-video-preview:-1"},"canonical":"https:\/\/szkolydoktorskie.uwb.edu.pl\/nh\/rada-naukowa\/","og_locale":"pl_PL","og_type":"article","og_title":"Rada Naukowa - Szko\u0142a Doktorska Nauk Humanistycznych UwB","og_description":"Rada Szko\u0142y Doktorskiej Nauk Humanistycznych 1.09.2020-31.08.2024 przewodnicz\u0105cy: cz\u0142onkowie: Rada Szko\u0142y Doktorskiej Nauk Humanistycznych 2019\/2020 przewodnicz\u0105cy: cz\u0142onkowie: Kompetencje&nbsp;Rady&nbsp;Naukowej&nbsp;SDNH:","og_url":"https:\/\/szkolydoktorskie.uwb.edu.pl\/nh\/rada-naukowa\/","og_site_name":"Szko\u0142a Doktorska Nauk Humanistycznych UwB","article_modified_time":"2023-11-17T13:06:23+00:00","twitter_card":"summary_large_image","twitter_misc":{"Szacowany czas czytania":"1 minuta"},"schema":{"@context":"https:\/\/schema.org","@graph":[{"@type":"WebPage","@id":"https:\/\/szkolydoktorskie.uwb.edu.pl\/nh\/rada-naukowa\/","url":"https:\/\/szkolydoktorskie.uwb.edu.pl\/nh\/rada-naukowa\/","name":"Rada Naukowa - Szko\u0142a Doktorska Nauk Humanistycznych UwB","isPartOf":{"@id":"https:\/\/szkolydoktorskie.uwb.edu.pl\/nh\/#website"},"datePublished":"2021-04-15T22:53:31+00:00","dateModified":"2023-11-17T13:06:23+00:00","breadcrumb":{"@id":"https:\/\/szkolydoktorskie.uwb.edu.pl\/nh\/rada-naukowa\/#breadcrumb"},"inLanguage":"pl-PL","potentialAction":[{"@type":"ReadAction","target":["https:\/\/szkolydoktorskie.uwb.edu.pl\/nh\/rada-naukowa\/"]}]},{"@type":"BreadcrumbList","@id":"https:\/\/szkolydoktorskie.uwb.edu.pl\/nh\/rada-naukowa\/#breadcrumb","itemListElement":[{"@type":"ListItem","position":1,"name":"Strona g\u0142\u00f3wna","item":"https:\/\/szkolydoktorskie.uwb.edu.pl\/nh\/"},{"@type":"ListItem","position":2,"name":"Rada Naukowa"}]},{"@type":"WebSite","@id":"https:\/\/szkolydoktorskie.uwb.edu.pl\/nh\/#website","url":"https:\/\/szkolydoktorskie.uwb.edu.pl\/nh\/","name":"Szko\u0142a Doktorska Nauk Humanistycznych UwB","description":"Szko\u0142a Doktorska Nauk Humanistycznych UwB","publisher":{"@id":"https:\/\/szkolydoktorskie.uwb.edu.pl\/nh\/#organization"},"potentialAction":[{"@type":"SearchAction","target":{"@type":"EntryPoint","urlTemplate":"https:\/\/szkolydoktorskie.uwb.edu.pl\/nh\/?s={search_term_string}"},"query-input":{"@type":"PropertyValueSpecification","valueRequired":true,"valueName":"search_term_string"}}],"inLanguage":"pl-PL"},{"@type":"Organization","@id":"https:\/\/szkolydoktorskie.uwb.edu.pl\/nh\/#organization","name":"Szko\u0142a Doktorska Nauk Humanistycznych UwB","url":"https:\/\/szkolydoktorskie.uwb.edu.pl\/nh\/","logo":{"@type":"ImageObject","inLanguage":"pl-PL","@id":"https:\/\/szkolydoktorskie.uwb.edu.pl\/nh\/#\/schema\/logo\/image\/","url":"https:\/\/szkolydoktorskie.uwb.edu.pl\/nh\/wp-content\/uploads\/sites\/3\/2021\/04\/cropped-SH-LOGO.png","contentUrl":"https:\/\/szkolydoktorskie.uwb.edu.pl\/nh\/wp-content\/uploads\/sites\/3\/2021\/04\/cropped-SH-LOGO.png","width":705,"height":188,"caption":"Szko\u0142a Doktorska Nauk Humanistycznych UwB"},"image":{"@id":"https:\/\/szkolydoktorskie.uwb.edu.pl\/nh\/#\/schema\/logo\/image\/"}}]}},"_links":{"self":[{"href":"https:\/\/szkolydoktorskie.uwb.edu.pl\/nh\/wp-json\/wp\/v2\/pages\/9","targetHints":{"allow":["GET"]}}],"collection":[{"href":"https:\/\/szkolydoktorskie.uwb.edu.pl\/nh\/wp-json\/wp\/v2\/pages"}],"about":[{"href":"https:\/\/szkolydoktorskie.uwb.edu.pl\/nh\/wp-json\/wp\/v2\/types\/page"}],"author":[{"embeddable":true,"href":"https:\/\/szkolydoktorskie.uwb.edu.pl\/nh\/wp-json\/wp\/v2\/users\/1"}],"replies":[{"embeddable":true,"href":"https:\/\/szkolydoktorskie.uwb.edu.pl\/nh\/wp-json\/wp\/v2\/comments?post=9"}],"version-history":[{"count":5,"href":"https:\/\/szkolydoktorskie.uwb.edu.pl\/nh\/wp-json\/wp\/v2\/pages\/9\/revisions"}],"predecessor-version":[{"id":1454,"href":"https:\/\/szkolydoktorskie.uwb.edu.pl\/nh\/wp-json\/wp\/v2\/pages\/9\/revisions\/1454"}],"wp:attachment":[{"href":"https:\/\/szkolydoktorskie.uwb.edu.pl\/nh\/wp-json\/wp\/v2\/media?parent=9"}],"curies":[{"name":"wp","href":"https:\/\/api.w.org\/{rel}","templated":true}]}}

<p><strong>Rada Szkoły Doktorskiej Nauk Humanistycznych 1.09.2020-31.08.2024</strong></p>



<p><strong>przewodniczący:</strong></p>



<ul class="wp-block-list">
<li>dr hab. Anna Nosek, prof. UwB &#8211; (01.03.2022-31.08.2024)</li>



<li><em>prof.&nbsp; dr&nbsp; hab.&nbsp; Urszula&nbsp; Sokólska&nbsp; &#8211; (01.10.2019-28.02.2022</em>)</li>
</ul>



<p><strong>członkowie:</strong></p>



<ul class="wp-block-list">
<li>prof.  dr  hab.  Wioletta  Małgorzata  Kowalska </li>



<li>dr  hab.  Krystyna  Barbara  Szelągowska,  prof.  UwB</li>



<li>dr hab. Natalyia Malyutina, prof. UwB (od 15.11.2023)</li>



<li>prof. Joanna Cholewa, prof. UwB (od 01.03.2022)</li>



<li><em>dr  hab.  Elżbieta  Konończuk,  prof.  UwB (1.09.2020-14.11.2023)</em></li>



<li><em>prof.  dr  hab.  Irena  Szczepankowska (1.09.2020-15.01.2022)</em></li>
</ul>



<hr class="wp-block-separator has-css-opacity" />



<p><strong>Rada Szkoły Doktorskiej Nauk Humanistycznych 2019/2020</strong></p>



<p><strong>przewodniczący:</strong></p>



<ul class="wp-block-list">
<li>prof.&nbsp; dr&nbsp; hab.&nbsp; Urszula&nbsp; Sokólska&nbsp;</li>
</ul>



<p><strong>członkowie:</strong></p>



<ul class="wp-block-list">
<li>prof. dr hab. Leonarda Dacewicz</li>



<li>prof. dr hab. Dariusz Kulesza</li>



<li>prof. dr hab. Halina Święczkowska</li>



<li>dr hab. Krystyna Szelągowska, prof. UwB</li>



<li></li>
</ul>



<p><strong>Kompetencje&nbsp;Rady&nbsp;Naukowej&nbsp;SDNH:</strong><br></p>



<ul class="wp-block-list">
<li>Opiniowanie&nbsp;projektu&nbsp;regulaminu&nbsp;szkoły&nbsp;doktorskiej</li>



<li>Opiniowanie&nbsp;projektu&nbsp;zasad&nbsp;rekrutacji&nbsp;do&nbsp;szkoły&nbsp;doktorskiej</li>



<li>Opiniowanie projektu programu kształcenia, zaopiniowanego przez rady jednostek, które reprezentują dyscypliny wchodzące w skład danej szkoły</li>



<li>Opiniowanie&nbsp;kandydatów&nbsp;do&nbsp;komisji&nbsp;przeprowadzających&nbsp;oceny&nbsp;śródokresowe</li>



<li>Opiniowanie&nbsp;kandydatów&nbsp;do&nbsp;komisji&nbsp;odwoławczej&nbsp;ds.&nbsp;ocen&nbsp;śródokresowych</li>



<li>Opiniowanie wniosków doktorantów o wyznaczenie promotora, promotorów albo promotora i promotora pomocniczego oraz wniosków w zakresie ich zmian</li>



<li>Opiniowanie&nbsp;sprawozdań&nbsp;rocznych&nbsp;doktorantów</li>
</ul>



<p></p>

<p>Rada Szkoły Doktorskiej Nauk Humanistycznych 1.09.2020-31.08.2024 przewodniczący: członkowie: Rada Szkoły Doktorskiej Nauk Humanistycznych 2019/2020 przewodniczący: członkowie: Kompetencje&nbsp;Rady&nbsp;Naukowej&nbsp;SDNH:</p>

<!-- This site is optimized with the Yoast SEO plugin v27.4 - https://yoast.com/product/yoast-seo-wordpress/ -->
<title>Rada Naukowa - Szkoła Doktorska Nauk Humanistycznych UwB</title>
<meta name="robots" content="index, follow, max-snippet:-1, max-image-preview:large, max-video-preview:-1" />
<link rel="canonical" href="https://szkolydoktorskie.uwb.edu.pl/nh/rada-naukowa/" />
<meta property="og:locale" content="pl_PL" />
<meta property="og:type" content="article" />
<meta property="og:title" content="Rada Naukowa - Szkoła Doktorska Nauk Humanistycznych UwB" />
<meta property="og:description" content="Rada Szkoły Doktorskiej Nauk Humanistycznych 1.09.2020-31.08.2024 przewodniczący: członkowie: Rada Szkoły Doktorskiej Nauk Humanistycznych 2019/2020 przewodniczący: członkowie: Kompetencje&nbsp;Rady&nbsp;Naukowej&nbsp;SDNH:" />
<meta property="og:url" content="https://szkolydoktorskie.uwb.edu.pl/nh/rada-naukowa/" />
<meta property="og:site_name" content="Szkoła Doktorska Nauk Humanistycznych UwB" />
<meta property="article:modified_time" content="2023-11-17T13:06:23+00:00" />
<meta name="twitter:card" content="summary_large_image" />
<meta name="twitter:label1" content="Szacowany czas czytania" />
	<meta name="twitter:data1" content="1 minuta" />
<script type="application/ld+json" class="yoast-schema-graph">{"@context":"https:\/\/schema.org","@graph":[{"@type":"WebPage","@id":"https:\/\/szkolydoktorskie.uwb.edu.pl\/nh\/rada-naukowa\/","url":"https:\/\/szkolydoktorskie.uwb.edu.pl\/nh\/rada-naukowa\/","name":"Rada Naukowa - Szkoła Doktorska Nauk Humanistycznych UwB","isPartOf":{"@id":"https:\/\/szkolydoktorskie.uwb.edu.pl\/nh\/#website"},"datePublished":"2021-04-15T22:53:31+00:00","dateModified":"2023-11-17T13:06:23+00:00","breadcrumb":{"@id":"https:\/\/szkolydoktorskie.uwb.edu.pl\/nh\/rada-naukowa\/#breadcrumb"},"inLanguage":"pl-PL","potentialAction":[{"@type":"ReadAction","target":["https:\/\/szkolydoktorskie.uwb.edu.pl\/nh\/rada-naukowa\/"]}]},{"@type":"BreadcrumbList","@id":"https:\/\/szkolydoktorskie.uwb.edu.pl\/nh\/rada-naukowa\/#breadcrumb","itemListElement":[{"@type":"ListItem","position":1,"name":"Strona główna","item":"https:\/\/szkolydoktorskie.uwb.edu.pl\/nh\/"},{"@type":"ListItem","position":2,"name":"Rada Naukowa"}]},{"@type":"WebSite","@id":"https:\/\/szkolydoktorskie.uwb.edu.pl\/nh\/#website","url":"https:\/\/szkolydoktorskie.uwb.edu.pl\/nh\/","name":"Szkoła Doktorska Nauk Humanistycznych UwB","description":"Szkoła Doktorska Nauk Humanistycznych UwB","publisher":{"@id":"https:\/\/szkolydoktorskie.uwb.edu.pl\/nh\/#organization"},"potentialAction":[{"@type":"SearchAction","target":{"@type":"EntryPoint","urlTemplate":"https:\/\/szkolydoktorskie.uwb.edu.pl\/nh\/?s={search_term_string}"},"query-input":{"@type":"PropertyValueSpecification","valueRequired":true,"valueName":"search_term_string"}}],"inLanguage":"pl-PL"},{"@type":"Organization","@id":"https:\/\/szkolydoktorskie.uwb.edu.pl\/nh\/#organization","name":"Szkoła Doktorska Nauk Humanistycznych UwB","url":"https:\/\/szkolydoktorskie.uwb.edu.pl\/nh\/","logo":{"@type":"ImageObject","inLanguage":"pl-PL","@id":"https:\/\/szkolydoktorskie.uwb.edu.pl\/nh\/#\/schema\/logo\/image\/","url":"https:\/\/szkolydoktorskie.uwb.edu.pl\/nh\/wp-content\/uploads\/sites\/3\/2021\/04\/cropped-SH-LOGO.png","contentUrl":"https:\/\/szkolydoktorskie.uwb.edu.pl\/nh\/wp-content\/uploads\/sites\/3\/2021\/04\/cropped-SH-LOGO.png","width":705,"height":188,"caption":"Szkoła Doktorska Nauk Humanistycznych UwB"},"image":{"@id":"https:\/\/szkolydoktorskie.uwb.edu.pl\/nh\/#\/schema\/logo\/image\/"}}]}</script>
<!-- / Yoast SEO plugin. -->

Rada Naukowa - Szkoła Doktorska Nauk Humanistycznych UwB

Rada Szkoły Doktorskiej Nauk Humanistycznych 1.09.2020-31.08.2024 przewodniczący: członkowie: Rada Szkoły Doktorskiej Nauk Humanistycznych 2019/2020 przewodniczący: członkowie: Kompetencje&nbsp;Rady&nbsp;Naukowej&nbsp;SDNH:

Szkoła Doktorska Nauk Humanistycznych UwB

Strona główna
