{"version":"1.0","provider_name":"Szko\u0142a Doktorska Nauk Humanistycznych UwB","provider_url":"https:\/\/szkolydoktorskie.uwb.edu.pl\/nh","author_name":"askrodzka","author_url":"https:\/\/szkolydoktorskie.uwb.edu.pl\/nh\/author\/askrodzka\/","title":"X\u00a0Forum\u00a0Interdyscyplinarne - Szko\u0142a Doktorska Nauk Humanistycznych UwB","type":"rich","width":600,"height":338,"html":"<blockquote class=\"wp-embedded-content\" data-secret=\"DEa6S3ZWh3\"><a href=\"https:\/\/szkolydoktorskie.uwb.edu.pl\/nh\/2022\/04\/07\/x-forum-interdyscyplinarnym\/\">X\u00a0Forum\u00a0Interdyscyplinarne<\/a><\/blockquote><iframe sandbox=\"allow-scripts\" security=\"restricted\" src=\"https:\/\/szkolydoktorskie.uwb.edu.pl\/nh\/2022\/04\/07\/x-forum-interdyscyplinarnym\/embed\/#?secret=DEa6S3ZWh3\" width=\"600\" height=\"338\" title=\"&#8222;X\u00a0Forum\u00a0Interdyscyplinarne&#8221; &#8212; Szko\u0142a Doktorska Nauk Humanistycznych UwB\" data-secret=\"DEa6S3ZWh3\" frameborder=\"0\" marginwidth=\"0\" marginheight=\"0\" scrolling=\"no\" class=\"wp-embedded-content\"><\/iframe><script type=\"text\/javascript\">\n\/* <![CDATA[ *\/\n\/*! This file is auto-generated *\/\n!function(d,l){\"use strict\";l.querySelector&&d.addEventListener&&\"undefined\"!=typeof URL&&(d.wp=d.wp||{},d.wp.receiveEmbedMessage||(d.wp.receiveEmbedMessage=function(e){var t=e.data;if((t||t.secret||t.message||t.value)&&!\/[^a-zA-Z0-9]\/.test(t.secret)){for(var s,r,n,a=l.querySelectorAll('iframe[data-secret=\"'+t.secret+'\"]'),o=l.querySelectorAll('blockquote[data-secret=\"'+t.secret+'\"]'),c=new RegExp(\"^https?:$\",\"i\"),i=0;i<o.length;i++)o[i].style.display=\"none\";for(i=0;i<a.length;i++)s=a[i],e.source===s.contentWindow&&(s.removeAttribute(\"style\"),\"height\"===t.message?(1e3<(r=parseInt(t.value,10))?r=1e3:~~r<200&&(r=200),s.height=r):\"link\"===t.message&&(r=new URL(s.getAttribute(\"src\")),n=new URL(t.value),c.test(n.protocol))&&n.host===r.host&&l.activeElement===s&&(d.top.location.href=t.value))}},d.addEventListener(\"message\",d.wp.receiveEmbedMessage,!1),l.addEventListener(\"DOMContentLoaded\",function(){for(var e,t,s=l.querySelectorAll(\"iframe.wp-embedded-content\"),r=0;r<s.length;r++)(t=(e=s[r]).getAttribute(\"data-secret\"))||(t=Math.random().toString(36).substring(2,12),e.src+=\"#?secret=\"+t,e.setAttribute(\"data-secret\",t)),e.contentWindow.postMessage({message:\"ready\",secret:t},\"*\")},!1)))}(window,document);\n\/\/# sourceURL=https:\/\/szkolydoktorskie.uwb.edu.pl\/nh\/wp-includes\/js\/wp-embed.min.js\n\/* ]]> *\/\n<\/script>\n","description":"Forum\u00a0Interdyscyplinarne\u00a0jest\u00a0organizowan\u0105\u00a0od\u00a0lat\u00a0inicjatyw\u0105\u00a0Ko\u0142aNaukowego\u00a0Student\u00f3w\u00a0Mi\u0119dzyobszarowych\u00a0Indywidualnych\u00a0Studi\u00f3wHumanistyczno-Spo\u0142ecznych\u00a0KUL,\u00a0kt\u00f3rej\u00a0celem\u00a0jest\u00a0stworzeniep\u0142aszczyzny\u00a0rozmowy\u00a0mi\u0119dzy\u00a0przedstawicielami\u00a0r\u00f3\u017cnych\u00a0dyscyplin\u00a0naukhumanistycznych\u00a0i\u00a0spo\u0142ecznych.\u00a0Dziedziny\u00a0na\u00a0co\u00a0dzie\u0144\u00a0niejednokrotniesurowo\u00a0wydzielane,\u00a0przy\u00a0g\u0142\u0119bszej\u00a0refleksji\u00a0mog\u0105\u00a0znale\u017a\u0107\u00a0mi\u0119dzysob\u0105\u00a0wiele\u00a0punkt\u00f3w\u00a0wsp\u00f3lnych,\u00a0dzi\u0119ki\u00a0kt\u00f3rym\u00a0przed\u00a0ich\u00a0badaczamimog\u0105\u00a0otworzy\u0107\u00a0si\u0119\u00a0nowe\u00a0perspektywy\u00a0i\u00a0punkty\u00a0widzenia\u00a0&#8211;\u00a0prawo\u00a0ihistoria,\u00a0psychologia\u00a0i\u00a0filozofia\u00a0czy\u00a0socjologa\u00a0i\u00a0j\u0119zykoznawstwo.\u00a0Forumjest\u00a0r\u00f3wnie\u017c\u00a0nie\u00a0tylko\u00a0studencko-doktoranck\u0105\u00a0konferencj\u0105\u00a0naukow\u0105,lecz\u00a0tak\u017ce\u00a0okazj\u0105\u00a0do\u00a0integracji\u00a0i\u00a0promocji\u00a0wsp\u00f3lnot\u00a0studi\u00f3wmi\u0119dzyobszarowych\u00a0z\u00a0r\u00f3\u017cnych\u00a0o\u015brodk\u00f3w\u00a0akademickich. Tegoroczne,\u00a0dziesi\u0105te\u00a0ju\u017c\u00a0Forum\u00a0jest\u00a0r\u00f3wnie\u017c\u00a0wyj\u0105tkow\u0105\u00a0okazj\u0105\u00a0douczczenia\u00a020\u00a0lat\u00a0istnienia\u00a0Kolegium\u00a0MISHuS\u00a0KUL\u00a0oraz\u00a0Ko\u0142a\u00a0NaukowegoStudent\u00f3w\u00a0MISHuS\u00a0KUL.Tematem\u00a0tegorocznego\u00a0Forum\u00a0\u00a0jest\u00a0,,Jedno\u015b\u0107\u201d\u00a0&#8211;\u00a0s\u0142owo\u00a0odmienianeprzez\u00a0wiele\u00a0przypadk\u00f3w\u00a0i\u00a0mog\u0142oby\u00a0si\u0119\u00a0wydawa\u0107\u00a0\u017ce\u00a0coraz\u00a0cz\u0119\u015bcieju\u017cywane\u00a0w\u00a0przestrzeni\u00a0publicznej. Je\u017celi\u00a0jednak\u00a0zastanowi\u0107\u00a0si\u0119\u00a0g\u0142\u0119biej,\u00a0to\u00a0pojawia\u00a0si\u0119\u00a0pytanie\u00a0&#8211;czym\u00a0ta\u00a0jedno\u015b\u0107\u00a0w\u0142a\u015bciwie\u00a0jest?\u00a0Czym\u00a0by\u0142a,\u00a0czym\u00a0jest\u00a0i\u00a0czymb\u0119dzie?\u00a0Czy\u00a0jedno\u015b\u0107\u00a0na\u00a0pewno\u00a0zawsze\u00a0jest\u00a0dobra?\u00a0Jakie\u00a0daje\u00a0szanse\u00a0izagro\u017cenia?\u00a0Na\u00a0te\u00a0i\u00a0inne\u00a0pytania\u00a0uczestnicy\u00a0konferencji\u00a0b\u0119d\u0105wsp\u00f3lnie\u00a0poszukiwa\u0107\u00a0odpowiedzi.Serdecznie\u00a0zapraszamy\u00a0do\u00a0udzia\u0142u!Data:\u00a028-29\u00a0kwietnia\u00a02022 Forma\u00a0konferencji:\u00a0og\u00f3lnopolska,\u00a0zdalna,\u00a0na\u00a0platformie\u00a0Teams Koszt\u00a0udzia\u0142u:\u00a050\u00a0z\u0142.\u00a0Obejmuje\u00a0wys\u0142anie\u00a0do\u00a0uczestnik\u00f3w\u00a0potwierdzeniauczestnictwa\u00a0w\u00a0og\u00f3lnopolskiej\u00a0konferencji\u00a0oraz\u00a0pakietu\u00a0konferencyjnychgad\u017cet\u00f3w. Kontakt:\u00a0Drog\u0105\u00a0mailow\u0105\u00a0na\u00a0adres\u00a0kolo.mishus.kul@gmail.com\u00a0lub\u00a0poprzezfanpage\u00a0na\u00a0Facebooku\u00a0https:\/\/www.facebook.com\/KNSMISHuS\u00a0[1] Wydarzenie\u00a0konferencji\u00a0na\u00a0Facebooku:https:\/\/www.facebook.com\/events\/357389752700695\/?ref=newsfeed\u00a0[2]Zg\u0142oszenia\u00a0abstrakt\u00f3w\u00a0przez\u00a0formularz\u00a0internetowy\u00a0przyjmujemy\u00a0do\u00a08kwietnia\u00a02022 https:\/\/forms.gle\/MS5MwryvcSePF3BPA\u00a0[3] Przyk\u0142adowe\u00a0zagadnienia: \u00a0\u00a0\u00a0\u00a0* J\u0119zykowy\u00a0obraz\u00a0\u015bwiata\u00a0jedno\u015bci;\u00a0czym\u00a0jest\u00a0jedno\u015b\u0107?\u00a0(pr\u00f3badefinicji\u00a0semantycznej);\u00a0socjolekty\u00a0jako\u00a0pr\u00f3ba\u00a0ujednoliceniakomunikacji\u00a0grupowej,\u00a0jedno\u015b\u0107\u00a0a\u00a0jednolito\u015b\u0107\u00a0i\u00a0jednorodno\u015b\u0107;\u00a0jednoa\u00a0wieloj\u0119zyczno\u015b\u0107\u00a0\u00a0\u00a0\u00a0* Poj\u0119cie\u00a0jedno\u015bci\u00a0na\u00a0przestrzeni\u00a0dziej\u00f3w;\u00a0\u00a0\u00a0\u00a0* Obraz\u00a0jedno\u015bci\u00a0i\u00a0jej\u00a0braku\u00a0w\u00a0literaturze\u00a0\u00a0\u00a0\u00a0* Jedno\u015b\u0107\u00a0zasad,\u00a0indywidualizm\u00a0ocen\u00a0&#8211;\u00a0uj\u0119cie\u00a0etyczne;\u00a0Jedno\u015b\u0107\u00a0osoby,wielo\u015b\u0107\u00a0osobowo\u015bci\u00a0\u00a0&#8211;\u00a0etyczna\u00a0ocena\u00a0os\u00f3b;\u00a0historyczne\u00a0uj\u0119ciejedno\u015bci\u00a0w\u00a0filozofii;\u00a0jedno\u015b\u0107\u00a0nauki\u00a0czy\u00a0wielo\u015b\u0107\u00a0dyscyplin?\u00a0\u00a0\u00a0\u00a0* Sp\u00f3jno\u015b\u0107\u00a0to\u017csamo\u015bci\u00a0jako\u00a0oznaka\u00a0dojrza\u0142o\u015bci;\u00a0jedna\u00a0psychologia\u00a0awiele\u00a0my\u015bli\u00a0psychologicznych;\u00a0jedno\u015b\u0107\u00a0umys\u0142u\u00a0i\u00a0woli \u00a0\u00a0\u00a0\u00a0* Pr\u00f3by\u00a0tworzenia\u00a0i\u00a0utrzymania\u00a0jedno\u015bci,\u00a0kryzysy\u00a0jedno\u015bci\u00a0grup,spo\u0142ecze\u0144stw,\u00a0pa\u0144stw;\u00a0poczucie\u00a0jedno\u015bci\u00a0(lub\u00a0jego\u00a0braku)\u00a0wspo\u0142ecze\u0144stwie,\u00a0\u00a0\u00a0\u00a0* Jedno\u015b\u0107\u00a0w\u00a0systemie\u00a0&#8211;\u00a0prawo\u00a0wsp\u00f3lnotowe\u00a0a\u00a0krajowe,\u00a0pa\u0144stwo\u00a0asamorz\u0105dy;\u00a0jedno\u015b\u0107\u00a0systemu\u00a0prawa\u00a0i\u00a0orzecznictwa;\u00a0wp\u0142yw\u00a0tych\u00a0relacjina\u00a0spo\u0142ecze\u0144stwo\u00a0\u00a0\u00a0\u00a0* Jedno\u015b\u0107\u00a0wypracowana\u00a0a\u00a0jedno\u015b\u0107\u00a0narzucona;\u00a0problem\u00a0jednomy\u015blno\u015bci\u00a0\u00a0\u00a0\u00a0* Problem\u00a0synkretyzmu\u00a0&#8211;\u00a0kulturowego,\u00a0religijnego,\u00a0w\u00a0sztuce,\u00a0literaturze;\u00a0\u00a0\u00a0\u00a0* Czy\u00a0d\u0105\u017cenie\u00a0do\u00a0jedno\u015bci\u00a0to\u00a0wyrzeczenie\u00a0si\u0119\u00a0siebie\u00a0samego?;Globalizm,\u00a0kosmopolityzm,\u00a0internacjonalizm;\u00a0ekumenizm\u00a0a\u00a0irenizm,\u00a0\u00a0\u00a0\u00a0* Media\u00a0spo\u0142eczno\u015bciowe\u00a0&#8211;\u00a0integracja\u00a0ludzi\u00a0czy\u00a0jej\u00a0przeciwie\u0144stwo; Mile\u00a0widziane\u00a0s\u0105\u00a0r\u00f3wnie\u017c\u00a0referaty\u00a0dotycz\u0105ce\u00a0wszystkich\u00a0innychzagadnie\u0144\u00a0zwi\u0105zanych\u00a0z\u00a0motywem\u00a0g\u0142\u00f3wnym\u00a0Forum.Komitet\u00a0Organizacyjny\u00a0FI\u00a0#Jedno\u015b\u0107 dr\u00a0hab.\u00a0Anna\u00a0G\u0142\u0105b,\u00a0prof.\u00a0KUL\u00a0&#8211;\u00a0Dyrektor\u00a0Kolegium ks.\u00a0dr\u00a0hab.\u00a0Marek\u00a0S\u0142omka\u00a0&#8211;\u00a0Kurator\u00a0KNS\u00a0MISHuS\u00a0KUL Martyna\u00a0\u017bydek\u00a0&#8211;\u00a0Sekretarz\u00a0Konferencji Arkadiusz\u00a0Jaworski\u00a0&#8211;\u00a0Prezes\u00a0KNS\u00a0MISHuS\u00a0KUL Adrian\u00a0Grzesiuk"}

Szkoła Doktorska Nauk Humanistycznych UwB

X Forum Interdyscyplinarne - Szkoła Doktorska Nauk Humanistycznych UwB

<blockquote class="wp-embedded-content" data-secret="DEa6S3ZWh3"><a href="https://szkolydoktorskie.uwb.edu.pl/nh/2022/04/07/x-forum-interdyscyplinarnym/">X Forum Interdyscyplinarne</a></blockquote><iframe sandbox="allow-scripts" security="restricted" src="https://szkolydoktorskie.uwb.edu.pl/nh/2022/04/07/x-forum-interdyscyplinarnym/embed/#?secret=DEa6S3ZWh3" width="600" height="338" title="&#8222;X Forum Interdyscyplinarne&#8221; &#8212; Szkoła Doktorska Nauk Humanistycznych UwB" data-secret="DEa6S3ZWh3" frameborder="0" marginwidth="0" marginheight="0" scrolling="no" class="wp-embedded-content"></iframe><script type="text/javascript">
/* <![CDATA[ */
/*! This file is auto-generated */
!function(d,l){"use strict";l.querySelector&&d.addEventListener&&"undefined"!=typeof URL&&(d.wp=d.wp||{},d.wp.receiveEmbedMessage||(d.wp.receiveEmbedMessage=function(e){var t=e.data;if((t||t.secret||t.message||t.value)&&!/[^a-zA-Z0-9]/.test(t.secret)){for(var s,r,n,a=l.querySelectorAll('iframe[data-secret="'+t.secret+'"]'),o=l.querySelectorAll('blockquote[data-secret="'+t.secret+'"]'),c=new RegExp("^https?:$","i"),i=0;i<o.length;i++)o[i].style.display="none";for(i=0;i<a.length;i++)s=a[i],e.source===s.contentWindow&&(s.removeAttribute("style"),"height"===t.message?(1e3<(r=parseInt(t.value,10))?r=1e3:~~r<200&&(r=200),s.height=r):"link"===t.message&&(r=new URL(s.getAttribute("src")),n=new URL(t.value),c.test(n.protocol))&&n.host===r.host&&l.activeElement===s&&(d.top.location.href=t.value))}},d.addEventListener("message",d.wp.receiveEmbedMessage,!1),l.addEventListener("DOMContentLoaded",function(){for(var e,t,s=l.querySelectorAll("iframe.wp-embedded-content"),r=0;r<s.length;r++)(t=(e=s[r]).getAttribute("data-secret"))||(t=Math.random().toString(36).substring(2,12),e.src+="#?secret="+t,e.setAttribute("data-secret",t)),e.contentWindow.postMessage({message:"ready",secret:t},"*")},!1)))}(window,document);
//# sourceURL=https://szkolydoktorskie.uwb.edu.pl/nh/wp-includes/js/wp-embed.min.js
/* ]]> */
</script>

Forum Interdyscyplinarne jest organizowaną od lat inicjatywą KołaNaukowego Studentów Międzyobszarowych Indywidualnych StudiówHumanistyczno-Społecznych KUL, której celem jest stworzeniepłaszczyzny rozmowy między przedstawicielami różnych dyscyplin naukhumanistycznych i społecznych. Dziedziny na co dzień niejednokrotniesurowo wydzielane, przy głębszej refleksji mogą znaleźć międzysobą wiele punktów wspólnych, dzięki którym przed ich badaczamimogą otworzyć się nowe perspektywy i punkty widzenia &#8211; prawo ihistoria, psychologia i filozofia czy socjologa i językoznawstwo. Forumjest również nie tylko studencko-doktorancką konferencją naukową,lecz także okazją do integracji i promocji wspólnot studiówmiędzyobszarowych z różnych ośrodków akademickich. Tegoroczne, dziesiąte już Forum jest również wyjątkową okazją douczczenia 20 lat istnienia Kolegium MISHuS KUL oraz Koła NaukowegoStudentów MISHuS KUL.Tematem tegorocznego Forum  jest ,,Jedność” &#8211; słowo odmienianeprzez wiele przypadków i mogłoby się wydawać że coraz częściejużywane w przestrzeni publicznej. Jeżeli jednak zastanowić się głębiej, to pojawia się pytanie &#8211;czym ta jedność właściwie jest? Czym była, czym jest i czymbędzie? Czy jedność na pewno zawsze jest dobra? Jakie daje szanse izagrożenia? Na te i inne pytania uczestnicy konferencji będąwspólnie poszukiwać odpowiedzi.Serdecznie zapraszamy do udziału!Data: 28-29 kwietnia 2022 Forma konferencji: ogólnopolska, zdalna, na platformie Teams Koszt udziału: 50 zł. Obejmuje wysłanie do uczestników potwierdzeniauczestnictwa w ogólnopolskiej konferencji oraz pakietu konferencyjnychgadżetów. Kontakt: Drogą mailową na adres kolo.mishus.kul@gmail.com lub poprzezfanpage na Facebooku https://www.facebook.com/KNSMISHuS [1] Wydarzenie konferencji na Facebooku:https://www.facebook.com/events/357389752700695/?ref=newsfeed [2]Zgłoszenia abstraktów przez formularz internetowy przyjmujemy do 8kwietnia 2022 https://forms.gle/MS5MwryvcSePF3BPA [3] Przykładowe zagadnienia:     * Językowy obraz świata jedności; czym jest jedność? (próbadefinicji semantycznej); socjolekty jako próba ujednoliceniakomunikacji grupowej, jedność a jednolitość i jednorodność; jednoa wielojęzyczność    * Pojęcie jedności na przestrzeni dziejów;    * Obraz jedności i jej braku w literaturze    * Jedność zasad, indywidualizm ocen &#8211; ujęcie etyczne; Jedność osoby,wielość osobowości  &#8211; etyczna ocena osób; historyczne ujęciejedności w filozofii; jedność nauki czy wielość dyscyplin?    * Spójność tożsamości jako oznaka dojrzałości; jedna psychologia awiele myśli psychologicznych; jedność umysłu i woli     * Próby tworzenia i utrzymania jedności, kryzysy jedności grup,społeczeństw, państw; poczucie jedności (lub jego braku) wspołeczeństwie,    * Jedność w systemie &#8211; prawo wspólnotowe a krajowe, państwo asamorządy; jedność systemu prawa i orzecznictwa; wpływ tych relacjina społeczeństwo    * Jedność wypracowana a jedność narzucona; problem jednomyślności    * Problem synkretyzmu &#8211; kulturowego, religijnego, w sztuce, literaturze;    * Czy dążenie do jedności to wyrzeczenie się siebie samego?;Globalizm, kosmopolityzm, internacjonalizm; ekumenizm a irenizm,    * Media społecznościowe &#8211; integracja ludzi czy jej przeciwieństwo; Mile widziane są również referaty dotyczące wszystkich innychzagadnień związanych z motywem głównym Forum.Komitet Organizacyjny FI #Jedność dr hab. Anna Głąb, prof. KUL &#8211; Dyrektor Kolegium ks. dr hab. Marek Słomka &#8211; Kurator KNS MISHuS KUL Martyna Żydek &#8211; Sekretarz Konferencji Arkadiusz Jaworski &#8211; Prezes KNS MISHuS KUL Adrian Grzesiuk
