{"version":"1.0","provider_name":"Szko\u0142a Doktorska Nauk Humanistycznych UwB","provider_url":"https:\/\/szkolydoktorskie.uwb.edu.pl\/nh","author_name":"askrodzka","author_url":"https:\/\/szkolydoktorskie.uwb.edu.pl\/nh\/author\/askrodzka\/","title":"SI\u00d3DMA ZIMOWA SZKO\u0141A METODOLOGICZNA - Szko\u0142a Doktorska Nauk Humanistycznych UwB","type":"rich","width":600,"height":338,"html":"<blockquote class=\"wp-embedded-content\" data-secret=\"Vx05dDaRws\"><a href=\"https:\/\/szkolydoktorskie.uwb.edu.pl\/nh\/2022\/01\/20\/siodma-zimowa-szkola-metodologiczna\/\">SI\u00d3DMA ZIMOWA SZKO\u0141A METODOLOGICZNA<\/a><\/blockquote><iframe sandbox=\"allow-scripts\" security=\"restricted\" src=\"https:\/\/szkolydoktorskie.uwb.edu.pl\/nh\/2022\/01\/20\/siodma-zimowa-szkola-metodologiczna\/embed\/#?secret=Vx05dDaRws\" width=\"600\" height=\"338\" title=\"&#8222;SI\u00d3DMA ZIMOWA SZKO\u0141A METODOLOGICZNA&#8221; &#8212; Szko\u0142a Doktorska Nauk Humanistycznych UwB\" data-secret=\"Vx05dDaRws\" frameborder=\"0\" marginwidth=\"0\" marginheight=\"0\" scrolling=\"no\" class=\"wp-embedded-content\"><\/iframe><script type=\"text\/javascript\">\n\/* <![CDATA[ *\/\n\/*! This file is auto-generated *\/\n!function(d,l){\"use strict\";l.querySelector&&d.addEventListener&&\"undefined\"!=typeof URL&&(d.wp=d.wp||{},d.wp.receiveEmbedMessage||(d.wp.receiveEmbedMessage=function(e){var t=e.data;if((t||t.secret||t.message||t.value)&&!\/[^a-zA-Z0-9]\/.test(t.secret)){for(var s,r,n,a=l.querySelectorAll('iframe[data-secret=\"'+t.secret+'\"]'),o=l.querySelectorAll('blockquote[data-secret=\"'+t.secret+'\"]'),c=new RegExp(\"^https?:$\",\"i\"),i=0;i<o.length;i++)o[i].style.display=\"none\";for(i=0;i<a.length;i++)s=a[i],e.source===s.contentWindow&&(s.removeAttribute(\"style\"),\"height\"===t.message?(1e3<(r=parseInt(t.value,10))?r=1e3:~~r<200&&(r=200),s.height=r):\"link\"===t.message&&(r=new URL(s.getAttribute(\"src\")),n=new URL(t.value),c.test(n.protocol))&&n.host===r.host&&l.activeElement===s&&(d.top.location.href=t.value))}},d.addEventListener(\"message\",d.wp.receiveEmbedMessage,!1),l.addEventListener(\"DOMContentLoaded\",function(){for(var e,t,s=l.querySelectorAll(\"iframe.wp-embedded-content\"),r=0;r<s.length;r++)(t=(e=s[r]).getAttribute(\"data-secret\"))||(t=Math.random().toString(36).substring(2,12),e.src+=\"#?secret=\"+t,e.setAttribute(\"data-secret\",t)),e.contentWindow.postMessage({message:\"ready\",secret:t},\"*\")},!1)))}(window,document);\n\/\/# sourceURL=https:\/\/szkolydoktorskie.uwb.edu.pl\/nh\/wp-includes\/js\/wp-embed.min.js\n\/* ]]> *\/\n<\/script>\n","description":"Sekcja\u00a0Metod,\u00a0Technik\u00a0i\u00a0Narz\u0119dzi\u00a0Badawczych\u00a0Polskiego\u00a0Towarzystwa\u00a0Nauk Politycznych\u00a0oraz\u00a0Katedra\u00a0Filozofii\u00a0i\u00a0Teorii\u00a0Polityki\u00a0Wydzia\u0142u\u00a0Nauk\u00a0o Polityce\u00a0i\u00a0Bezpiecze\u0144stwie\u00a0Uniwersytetu\u00a0Miko\u0142aja\u00a0Kopernika\u00a0w\u00a0Toruniumaj\u0105\u00a0zaszczyt\u00a0zaprosi\u0107\u00a0do\u00a0udzia\u0142u\u00a0w\u00a0SI\u00d3DMEJ\u00a0ZIMOWEJ\u00a0SZKOLEMETODOLOGICZNEJ,\u00a0kt\u00f3ra\u00a0odb\u0119dzie\u00a0si\u0119\u00a0ON-LINE\u00a0W\u00a0DNIACH\u00a016-17\u00a0LUTEGO2022\u00a0ROKU. Wydarzenie\u00a0adresowane\u00a0jest\u00a0do\u00a0os\u00f3b,\u00a0kt\u00f3re\u00a0w\u00a0gronie\u00a0najwybitniejszychspecjalist\u00f3w\u00a0w\u00a0kraju\u00a0chcia\u0142yby\u00a0SKONSULTOWA\u0106\u00a0SWOJE\u00a0PROJEKTY\u00a0BADAWCZELUB\u00a0AKTUALNIE\u00a0PROWADZONE\u00a0BADANIA\u00a0POD\u00a0K\u0104TEM\u00a0POPRAWNO\u015aCIMETODOLOGICZNEJ.\u00a0\u00a0Zapraszamy\u00a0przede\u00a0wszystkim\u00a0reprezentant\u00f3wpolitologii,\u00a0stosunk\u00f3w\u00a0mi\u0119dzynarodowych,\u00a0bezpiecze\u0144stwa,\u00a0nauk\u00a0omediach\u00a0oraz\u00a0dyscyplin\u00a0pokrewnych.\u00a0Mo\u017cliwe\u00a0b\u0119dzie\u00a0skonsultowanieswoich\u00a0projekt\u00f3w\u00a0badawczych\u00a0przedstawianych\u00a0w\u00a0ramach\u00a0grant\u00f3wNarodowego\u00a0Centrum\u00a0Nauki,\u00a0rozpraw\u00a0doktorskich,\u00a0habilitacyjnych\u00a0iwszelkich\u00a0innych\u00a0prac\u00a0badawczych. Informacje\u00a0dotycz\u0105ce\u00a0konferencji\u00a0dost\u0119pne\u00a0s\u0105\u00a0na\u00a0stronie\u00a0internetowej\u00a0https:\/\/metodologicznaszkola.umk.pl\/ Zaproszenie na konferencj\u0119 Termin\u00a0nadsy\u0142ania\u00a0zg\u0142osze\u0144\u00a0zosta\u0142\u00a0przesuni\u0119ty\u00a0do\u00a001.02.2022\u00a0r. (GODZ.\u00a023:59)!"}

Szkoła Doktorska Nauk Humanistycznych UwB

SIÓDMA ZIMOWA SZKOŁA METODOLOGICZNA - Szkoła Doktorska Nauk Humanistycznych UwB

<blockquote class="wp-embedded-content" data-secret="Vx05dDaRws"><a href="https://szkolydoktorskie.uwb.edu.pl/nh/2022/01/20/siodma-zimowa-szkola-metodologiczna/">SIÓDMA ZIMOWA SZKOŁA METODOLOGICZNA</a></blockquote><iframe sandbox="allow-scripts" security="restricted" src="https://szkolydoktorskie.uwb.edu.pl/nh/2022/01/20/siodma-zimowa-szkola-metodologiczna/embed/#?secret=Vx05dDaRws" width="600" height="338" title="&#8222;SIÓDMA ZIMOWA SZKOŁA METODOLOGICZNA&#8221; &#8212; Szkoła Doktorska Nauk Humanistycznych UwB" data-secret="Vx05dDaRws" frameborder="0" marginwidth="0" marginheight="0" scrolling="no" class="wp-embedded-content"></iframe><script type="text/javascript">
/* <![CDATA[ */
/*! This file is auto-generated */
!function(d,l){"use strict";l.querySelector&&d.addEventListener&&"undefined"!=typeof URL&&(d.wp=d.wp||{},d.wp.receiveEmbedMessage||(d.wp.receiveEmbedMessage=function(e){var t=e.data;if((t||t.secret||t.message||t.value)&&!/[^a-zA-Z0-9]/.test(t.secret)){for(var s,r,n,a=l.querySelectorAll('iframe[data-secret="'+t.secret+'"]'),o=l.querySelectorAll('blockquote[data-secret="'+t.secret+'"]'),c=new RegExp("^https?:$","i"),i=0;i<o.length;i++)o[i].style.display="none";for(i=0;i<a.length;i++)s=a[i],e.source===s.contentWindow&&(s.removeAttribute("style"),"height"===t.message?(1e3<(r=parseInt(t.value,10))?r=1e3:~~r<200&&(r=200),s.height=r):"link"===t.message&&(r=new URL(s.getAttribute("src")),n=new URL(t.value),c.test(n.protocol))&&n.host===r.host&&l.activeElement===s&&(d.top.location.href=t.value))}},d.addEventListener("message",d.wp.receiveEmbedMessage,!1),l.addEventListener("DOMContentLoaded",function(){for(var e,t,s=l.querySelectorAll("iframe.wp-embedded-content"),r=0;r<s.length;r++)(t=(e=s[r]).getAttribute("data-secret"))||(t=Math.random().toString(36).substring(2,12),e.src+="#?secret="+t,e.setAttribute("data-secret",t)),e.contentWindow.postMessage({message:"ready",secret:t},"*")},!1)))}(window,document);
//# sourceURL=https://szkolydoktorskie.uwb.edu.pl/nh/wp-includes/js/wp-embed.min.js
/* ]]> */
</script>

Sekcja Metod, Technik i Narzędzi Badawczych Polskiego Towarzystwa Nauk Politycznych oraz Katedra Filozofii i Teorii Polityki Wydziału Nauk o Polityce i Bezpieczeństwie Uniwersytetu Mikołaja Kopernika w Toruniumają zaszczyt zaprosić do udziału w SIÓDMEJ ZIMOWEJ SZKOLEMETODOLOGICZNEJ, która odbędzie się ON-LINE W DNIACH 16-17 LUTEGO2022 ROKU. Wydarzenie adresowane jest do osób, które w gronie najwybitniejszychspecjalistów w kraju chciałyby SKONSULTOWAĆ SWOJE PROJEKTY BADAWCZELUB AKTUALNIE PROWADZONE BADANIA POD KĄTEM POPRAWNOŚCIMETODOLOGICZNEJ.  Zapraszamy przede wszystkim reprezentantówpolitologii, stosunków międzynarodowych, bezpieczeństwa, nauk omediach oraz dyscyplin pokrewnych. Możliwe będzie skonsultowanieswoich projektów badawczych przedstawianych w ramach grantówNarodowego Centrum Nauki, rozpraw doktorskich, habilitacyjnych iwszelkich innych prac badawczych. Informacje dotyczące konferencji dostępne są na stronie internetowej https://metodologicznaszkola.umk.pl/ Zaproszenie na konferencję Termin nadsyłania zgłoszeń został przesunięty do 01.02.2022 r. (GODZ. 23:59)!
